Last updated on 2025-11-16 00:48:35 CET.
| Flavor | Version | Tinstall | Tcheck | Ttotal | Status | Flags |
|---|---|---|---|---|---|---|
| r-devel-linux-x86_64-debian-clang | 1.0.0 | 32.98 | 189.38 | 222.36 | NOTE | |
| r-devel-linux-x86_64-debian-gcc | 1.0.0 | 22.31 | 128.25 | 150.56 | OK | |
| r-devel-linux-x86_64-fedora-clang | 1.0.0 | 78.00 | 286.75 | 364.75 | OK | |
| r-devel-linux-x86_64-fedora-gcc | 1.0.0 | 176.00 | 186.77 | 362.77 | OK | |
| r-devel-windows-x86_64 | 1.0.0 | 37.00 | 171.00 | 208.00 | NOTE | |
| r-patched-linux-x86_64 | 1.0.0 | 33.82 | 179.24 | 213.06 | OK | |
| r-release-linux-x86_64 | 1.0.0 | 31.90 | 176.61 | 208.51 | OK | |
| r-release-macos-arm64 | 1.0.0 | 13.00 | 60.00 | 73.00 | OK | |
| r-release-macos-x86_64 | 1.0.0 | 32.00 | 135.00 | 167.00 | OK | |
| r-release-windows-x86_64 | 1.0.0 | 35.00 | 172.00 | 207.00 | OK | |
| r-oldrel-macos-arm64 | 1.0.0 | 13.00 | 61.00 | 74.00 | OK | |
| r-oldrel-macos-x86_64 | 1.0.0 | 25.00 | 119.00 | 144.00 | OK | |
| r-oldrel-windows-x86_64 | 1.0.0 | 47.00 | 228.00 | 275.00 | OK |
Version: 1.0.0
Check: Rd files
Result: NOTE
checkRd: (-1) est_irt.Rd:376-382: Only 8 columns allowed in this table (row 1 has 6)
checkRd: (-1) est_irt.Rd:376-382: Only 8 columns allowed in this table (row 2 has 6)
checkRd: (-1) est_irt.Rd:376-382: Only 8 columns allowed in this table (row 3 has 6)
checkRd: (-1) est_irt.Rd:376-382: Only 8 columns allowed in this table (row 4 has 6)
checkRd: (-1) est_irt.Rd:376-382: Only 8 columns allowed in this table (row 5 has 6)
checkRd: (-1) simdat.Rd:107-113: Only 8 columns allowed in this table (row 1 has 6)
checkRd: (-1) simdat.Rd:107-113: Only 8 columns allowed in this table (row 2 has 6)
checkRd: (-1) simdat.Rd:107-113: Only 8 columns allowed in this table (row 3 has 6)
checkRd: (-1) simdat.Rd:107-113: Only 8 columns allowed in this table (row 4 has 6)
checkRd: (-1) simdat.Rd:107-113: Only 8 columns allowed in this table (row 5 has 6)
Flavors: r-devel-linux-x86_64-debian-clang, r-devel-windows-x86_64