CRAN Package Check Results for Package ironseed

Last updated on 2025-11-21 14:49:47 CET.

Flavor Version Tinstall Tcheck Ttotal Status Flags
r-devel-linux-x86_64-debian-clang 0.3.0 3.92 22.30 26.22 OK
r-devel-linux-x86_64-debian-gcc 0.3.0 3.87 18.98 22.85 OK
r-devel-linux-x86_64-fedora-clang 0.3.0 38.71 OK
r-devel-linux-x86_64-fedora-gcc 0.3.0 38.76 OK
r-devel-windows-x86_64 0.2.0 20.00 43.00 63.00 OK
r-patched-linux-x86_64 0.2.0 4.45 20.36 24.81 OK
r-release-linux-x86_64 0.2.0 4.02 20.14 24.16 OK
r-release-macos-arm64 0.2.0 6.00 5.00 11.00 OK
r-release-macos-x86_64 0.3.0 13.00 28.00 41.00 OK
r-release-windows-x86_64 0.2.0 21.00 43.00 64.00 OK
r-oldrel-macos-arm64 0.3.0 2.00 9.00 11.00 ERROR
r-oldrel-macos-x86_64 0.3.0 14.00 30.00 44.00 OK
r-oldrel-windows-x86_64 0.2.0 27.00 49.00 76.00 OK

Additional issues

rchk

Check Details

Version: 0.3.0
Check: whether package can be installed
Result: ERROR Installation failed. Flavor: r-oldrel-macos-arm64