CRAN Package Check Results for Package interface

Last updated on 2025-10-20 23:50:09 CEST.

Flavor Version Tinstall Tcheck Ttotal Status Flags
r-devel-linux-x86_64-debian-clang 0.1.2 2.20 30.92 33.12 OK
r-devel-linux-x86_64-debian-gcc 0.1.2 1.61 24.99 26.60 NOTE
r-devel-linux-x86_64-fedora-clang 0.1.2 49.97 OK
r-devel-linux-x86_64-fedora-gcc 0.1.2 56.86 OK
r-devel-windows-x86_64 0.1.2 3.00 55.00 58.00 OK
r-patched-linux-x86_64 0.1.2 2.41 27.92 30.33 OK
r-release-linux-x86_64 0.1.2 1.95 28.20 30.15 OK
r-release-macos-arm64 0.1.2 27.00 OK
r-release-macos-x86_64 0.1.2 52.00 OK
r-release-windows-x86_64 0.1.2 3.00 57.00 60.00 OK
r-oldrel-macos-arm64 0.1.2 29.00 OK
r-oldrel-macos-x86_64 0.1.2 49.00 OK
r-oldrel-windows-x86_64 0.1.2 3.00 64.00 67.00 OK

Check Details

Version: 0.1.2
Check: HTML version of manual
Result: NOTE Found the following HTML validation problems: handle_violation.html:50:1 (handle_violation.Rd:12): Warning: missing </ul> before </div> Flavor: r-devel-linux-x86_64-debian-gcc