Last updated on 2025-10-24 05:50:43 CEST.
| Flavor | Version | Tinstall | Tcheck | Ttotal | Status | Flags |
|---|---|---|---|---|---|---|
| r-devel-linux-x86_64-debian-clang | 0.1.7 | 11.89 | 93.99 | 105.88 | NOTE | |
| r-devel-linux-x86_64-debian-gcc | 0.1.7 | 8.59 | 65.94 | 74.53 | NOTE | |
| r-devel-linux-x86_64-fedora-clang | 0.1.7 | 38.00 | 124.40 | 162.40 | OK | |
| r-devel-linux-x86_64-fedora-gcc | 0.1.7 | 27.00 | 114.80 | 141.80 | OK | |
| r-devel-windows-x86_64 | 0.1.7 | 14.00 | 93.00 | 107.00 | OK | |
| r-patched-linux-x86_64 | 0.1.7 | 10.57 | 84.83 | 95.40 | OK | |
| r-release-linux-x86_64 | 0.1.7 | 11.21 | 84.47 | 95.68 | OK | |
| r-release-macos-arm64 | 0.1.7 | 5.00 | 39.00 | 44.00 | OK | |
| r-release-macos-x86_64 | 0.1.7 | 12.00 | 71.00 | 83.00 | OK | |
| r-release-windows-x86_64 | 0.1.7 | 13.00 | 94.00 | 107.00 | OK | |
| r-oldrel-macos-arm64 | 0.1.7 | 5.00 | 40.00 | 45.00 | OK | |
| r-oldrel-macos-x86_64 | 0.1.7 | 8.00 | 57.00 | 65.00 | OK | |
| r-oldrel-windows-x86_64 | 0.1.7 | 19.00 | 117.00 | 136.00 | OK |
Version: 0.1.7
Check: CRAN incoming feasibility
Result: NOTE
Maintainer: ‘Babatunde Alli <babatunde.alli@mail.mcgill.ca>’
No Authors@R field in DESCRIPTION.
Please add one, modifying
Authors@R: person(given = "Babatunde",
family = "Alli",
role = c("aut", "cre"),
email = "babatunde.alli@mail.mcgill.ca")
as necessary.
Flavors: r-devel-linux-x86_64-debian-clang, r-devel-linux-x86_64-debian-gcc