CRAN Package Check Results for Package incR

Last updated on 2025-07-21 08:50:05 CEST.

Flavor Version Tinstall Tcheck Ttotal Status Flags
r-devel-linux-x86_64-debian-clang 2.1.0 2.96 39.93 42.89 NOTE
r-devel-linux-x86_64-debian-gcc 2.1.0 2.47 29.57 32.04 NOTE
r-devel-linux-x86_64-fedora-clang 2.1.0 67.05 OK
r-devel-linux-x86_64-fedora-gcc 2.1.0 73.18 OK
r-devel-windows-x86_64 2.1.0 6.00 63.00 69.00 NOTE
r-patched-linux-x86_64 2.1.0 3.22 37.08 40.30 NOTE
r-release-linux-x86_64 2.1.0 2.99 36.95 39.94 NOTE
r-release-macos-arm64 2.1.0 35.00 OK
r-release-macos-x86_64 2.1.0 53.00 OK
r-release-windows-x86_64 2.1.0 5.00 67.00 72.00 NOTE
r-oldrel-macos-arm64 2.1.0 29.00 OK
r-oldrel-macos-x86_64 2.1.0 44.00 OK
r-oldrel-windows-x86_64 2.1.0 7.00 73.00 80.00 OK

Check Details

Version: 2.1.0
Check: Rd cross-references
Result: NOTE Found the following Rd file(s) with Rd \link{} targets missing package anchors: incRplot.Rd: ggplot2 incRt.Rd: getSunlightTimes Please provide package anchors for all Rd \link{} targets not in the package itself and the base packages. Flavors: r-devel-linux-x86_64-debian-clang, r-devel-linux-x86_64-debian-gcc, r-devel-windows-x86_64, r-patched-linux-x86_64, r-release-linux-x86_64, r-release-windows-x86_64