Last updated on 2025-10-21 17:49:51 CEST.
Flavor | Version | Tinstall | Tcheck | Ttotal | Status | Flags |
---|---|---|---|---|---|---|
r-devel-linux-x86_64-debian-clang | 0.0.5 | 10.88 | 205.68 | 216.56 | NOTE | |
r-devel-linux-x86_64-debian-gcc | 0.0.5 | 7.73 | 114.79 | 122.52 | NOTE | |
r-devel-linux-x86_64-fedora-clang | 0.0.5 | 68.00 | 267.04 | 335.04 | OK | |
r-devel-linux-x86_64-fedora-gcc | 0.0.5 | 27.00 | 223.07 | 250.07 | OK | |
r-devel-windows-x86_64 | 0.0.5 | 12.00 | 139.00 | 151.00 | OK | |
r-patched-linux-x86_64 | 0.0.5 | 11.77 | 160.95 | 172.72 | OK | |
r-release-linux-x86_64 | 0.0.5 | 11.16 | 160.87 | 172.03 | OK | |
r-release-macos-arm64 | 0.0.5 | 5.00 | 80.00 | 85.00 | OK | |
r-release-macos-x86_64 | 0.0.5 | 11.00 | 188.00 | 199.00 | OK | |
r-release-windows-x86_64 | 0.0.5 | 14.00 | 145.00 | 159.00 | OK | |
r-oldrel-macos-arm64 | 0.0.5 | 6.00 | 83.00 | 89.00 | OK | |
r-oldrel-macos-x86_64 | 0.0.5 | 10.00 | 166.00 | 176.00 | OK | |
r-oldrel-windows-x86_64 | 0.0.5 | 16.00 | 182.00 | 198.00 | OK |
Version: 0.0.5
Check: HTML version of manual
Result: NOTE
Found the following HTML validation problems:
ImmunData.html:128:1 (ImmunData.Rd:77): Warning: <h5> anchor "Usage" already defined
ImmunData.html:134:1 (ImmunData.Rd:81): Warning: <h5> anchor "Arguments" already defined
count.ImmunData.html:63:1 (count.ImmunData.Rd:18): Warning: missing </ul> before </div>
imd_schema.html:72:1 (imd_schema.Rd:38): Warning: missing </ul> before </div>
Flavors: r-devel-linux-x86_64-debian-clang, r-devel-linux-x86_64-debian-gcc