Last updated on 2025-11-02 02:50:47 CET.
| Flavor | Version | Tinstall | Tcheck | Ttotal | Status | Flags |
|---|---|---|---|---|---|---|
| r-devel-linux-x86_64-debian-clang | 0.10.3 | 46.33 | 275.17 | 321.50 | OK | |
| r-devel-linux-x86_64-debian-gcc | 0.10.3 | 28.89 | 190.99 | 219.88 | OK | |
| r-devel-linux-x86_64-fedora-clang | 0.10.3 | 225.00 | 296.14 | 521.14 | OK | |
| r-devel-linux-x86_64-fedora-gcc | 0.10.3 | 216.00 | 294.49 | 510.49 | OK | |
| r-devel-windows-x86_64 | 0.10.3 | 33.00 | 275.00 | 308.00 | OK | |
| r-patched-linux-x86_64 | 0.10.3 | 43.07 | 249.81 | 292.88 | OK | |
| r-release-linux-x86_64 | 0.10.3 | 44.89 | 248.58 | 293.47 | OK | |
| r-release-macos-arm64 | 0.10.3 | 23.00 | 112.00 | 135.00 | OK | |
| r-release-macos-x86_64 | 0.10.3 | 46.00 | 221.00 | 267.00 | OK | |
| r-release-windows-x86_64 | 0.10.3 | 49.00 | 268.00 | 317.00 | OK | |
| r-oldrel-macos-arm64 | 0.10.3 | 21.00 | 117.00 | 138.00 | NOTE | |
| r-oldrel-macos-x86_64 | 0.10.3 | 44.00 | 230.00 | 274.00 | NOTE | |
| r-oldrel-windows-x86_64 | 0.10.3 | 63.00 | 353.00 | 416.00 | OK |
Version: 0.10.3
Check: installed package size
Result: NOTE
installed size is 5.2Mb
sub-directories of 1Mb or more:
data 2.4Mb
Flavors: r-oldrel-macos-arm64, r-oldrel-macos-x86_64