CRAN Package Check Results for Package idmc

Last updated on 2025-07-19 14:48:28 CEST.

Flavor Version Tinstall Tcheck Ttotal Status Flags
r-devel-linux-x86_64-debian-clang 0.3.1 3.90 36.83 40.73 NOTE
r-devel-linux-x86_64-debian-gcc 0.3.1 2.66 28.91 31.57 NOTE
r-devel-linux-x86_64-fedora-clang 0.3.1 62.23 NOTE
r-devel-linux-x86_64-fedora-gcc 0.3.1 71.21 NOTE
r-devel-windows-x86_64 0.3.1 6.00 55.00 61.00 NOTE
r-patched-linux-x86_64 0.3.1 4.50 33.45 37.95 NOTE
r-release-linux-x86_64 0.3.1 3.77 33.73 37.50 NOTE
r-release-macos-arm64 0.3.1 29.00 NOTE
r-release-macos-x86_64 0.3.1 52.00 NOTE
r-release-windows-x86_64 0.3.1 5.00 53.00 58.00 NOTE
r-oldrel-macos-arm64 0.3.1 29.00 OK
r-oldrel-macos-x86_64 0.3.1 46.00 OK
r-oldrel-windows-x86_64 0.3.1 6.00 61.00 67.00 OK

Check Details

Version: 0.3.1
Check: DESCRIPTION meta-information
Result: NOTE Missing dependency on R >= 4.1.0 because package code uses the pipe |> or function shorthand \(...) syntax added in R 4.1.0. File(s) using such syntax: ‘idmc_transform_daily.R’ Flavors: r-devel-linux-x86_64-debian-clang, r-devel-linux-x86_64-debian-gcc, r-devel-linux-x86_64-fedora-clang, r-devel-linux-x86_64-fedora-gcc, r-devel-windows-x86_64, r-patched-linux-x86_64, r-release-linux-x86_64, r-release-macos-arm64, r-release-macos-x86_64, r-release-windows-x86_64