Last updated on 2025-10-31 07:51:48 CET.
| Flavor | Version | Tinstall | Tcheck | Ttotal | Status | Flags | 
|---|---|---|---|---|---|---|
| r-devel-linux-x86_64-debian-clang | 0.0.3 | 2.33 | 22.22 | 24.55 | NOTE | |
| r-devel-linux-x86_64-debian-gcc | 0.0.3 | 1.63 | 17.79 | 19.42 | NOTE | |
| r-devel-linux-x86_64-fedora-clang | 0.0.3 | 37.82 | NOTE | |||
| r-devel-linux-x86_64-fedora-gcc | 0.0.3 | 33.80 | NOTE | |||
| r-devel-windows-x86_64 | 0.0.3 | 4.00 | 45.00 | 49.00 | NOTE | |
| r-patched-linux-x86_64 | 0.0.3 | 2.31 | 20.76 | 23.07 | NOTE | |
| r-release-linux-x86_64 | 0.0.3 | 2.29 | 20.77 | 23.06 | NOTE | |
| r-release-macos-arm64 | 0.0.3 | 1.00 | 16.00 | 17.00 | NOTE | |
| r-release-macos-x86_64 | 0.0.3 | 2.00 | 27.00 | 29.00 | NOTE | |
| r-release-windows-x86_64 | 0.0.3 | 4.00 | 46.00 | 50.00 | NOTE | |
| r-oldrel-macos-arm64 | 0.0.3 | 1.00 | 16.00 | 17.00 | OK | |
| r-oldrel-macos-x86_64 | 0.0.3 | 2.00 | 23.00 | 25.00 | OK | |
| r-oldrel-windows-x86_64 | 0.0.3 | 5.00 | 49.00 | 54.00 | OK | 
Version: 0.0.3
Check: DESCRIPTION meta-information
Result: NOTE
    Missing dependency on R >= 4.1.0 because package code uses the pipe
    |> or function shorthand \(...) syntax added in R 4.1.0.
    File(s) using such syntax:
      ‘app.R’
Flavors: r-devel-linux-x86_64-debian-clang, r-devel-linux-x86_64-debian-gcc, r-devel-linux-x86_64-fedora-clang, r-devel-linux-x86_64-fedora-gcc, r-devel-windows-x86_64, r-patched-linux-x86_64, r-release-linux-x86_64, r-release-macos-arm64, r-release-macos-x86_64, r-release-windows-x86_64