Last updated on 2025-10-21 11:53:26 CEST.
Flavor | Version | Tinstall | Tcheck | Ttotal | Status | Flags |
---|---|---|---|---|---|---|
r-devel-linux-x86_64-debian-clang | 2.0.5 | 25.14 | 272.19 | 297.33 | NOTE | |
r-devel-linux-x86_64-debian-gcc | 2.0.5 | 16.90 | 191.77 | 208.67 | NOTE | |
r-devel-linux-x86_64-fedora-clang | 2.0.5 | 476.97 | OK | |||
r-devel-linux-x86_64-fedora-gcc | 2.0.5 | 57.00 | 393.52 | 450.52 | OK | |
r-devel-windows-x86_64 | 2.0.5 | 30.00 | 259.00 | 289.00 | OK | |
r-patched-linux-x86_64 | 2.0.5 | 26.29 | 269.21 | 295.50 | OK | |
r-release-linux-x86_64 | 2.0.5 | 26.17 | 267.76 | 293.93 | OK | |
r-release-macos-arm64 | 2.0.5 | 142.00 | OK | |||
r-release-macos-x86_64 | 2.0.5 | 19.00 | 241.00 | 260.00 | OK | |
r-release-windows-x86_64 | 2.0.5 | 32.00 | 253.00 | 285.00 | OK | |
r-oldrel-macos-arm64 | 2.0.5 | 155.00 | OK | |||
r-oldrel-macos-x86_64 | 2.0.5 | 202.00 | OK | |||
r-oldrel-windows-x86_64 | 2.0.5 | 42.00 | 354.00 | 396.00 | OK |
Version: 2.0.5
Check: HTML version of manual
Result: NOTE
Found the following HTML validation problems:
matrix_list.html:162:1 (matrix_list.Rd:109): Warning: missing </ul> before </div>
Flavors: r-devel-linux-x86_64-debian-clang, r-devel-linux-x86_64-debian-gcc