Last updated on 2025-11-22 15:49:41 CET.
| Flavor | Version | Tinstall | Tcheck | Ttotal | Status | Flags |
|---|---|---|---|---|---|---|
| r-devel-linux-x86_64-debian-clang | 3.1.6 | 62.95 | 349.26 | 412.21 | OK | |
| r-devel-linux-x86_64-debian-gcc | 3.1.6 | 39.09 | 232.26 | 271.35 | OK | |
| r-devel-linux-x86_64-fedora-clang | 3.1.6 | 333.00 | 401.71 | 734.71 | OK | |
| r-devel-linux-x86_64-fedora-gcc | 3.1.6 | 337.00 | 369.98 | 706.98 | OK | |
| r-devel-windows-x86_64 | 3.1.6 | 72.00 | 310.00 | 382.00 | OK | |
| r-patched-linux-x86_64 | 3.1.6 | 60.18 | 332.23 | 392.41 | OK | |
| r-release-linux-x86_64 | 3.1.6 | 61.08 | 331.66 | 392.74 | OK | |
| r-release-macos-arm64 | 3.1.6 | OK | ||||
| r-release-macos-x86_64 | 3.1.6 | 46.00 | 320.00 | 366.00 | OK | |
| r-release-windows-x86_64 | 3.1.6 | 65.00 | 306.00 | 371.00 | OK | |
| r-oldrel-macos-arm64 | 3.1.6 | NOTE | ||||
| r-oldrel-macos-x86_64 | 3.1.6 | 44.00 | 270.00 | 314.00 | NOTE | |
| r-oldrel-windows-x86_64 | 3.1.6 | 90.00 | 417.00 | 507.00 | OK |
Version: 3.1.6
Check: installed package size
Result: NOTE
installed size is 5.8Mb
sub-directories of 1Mb or more:
doc 2.8Mb
libs 1.8Mb
Flavors: r-oldrel-macos-arm64, r-oldrel-macos-x86_64