Last updated on 2025-11-15 06:49:45 CET.
| Flavor | Version | Tinstall | Tcheck | Ttotal | Status | Flags |
|---|---|---|---|---|---|---|
| r-devel-linux-x86_64-debian-clang | 0.11.6 | 36.47 | 109.73 | 146.20 | OK | |
| r-devel-linux-x86_64-debian-gcc | 0.11.6 | 24.45 | 80.71 | 105.16 | OK | |
| r-devel-linux-x86_64-fedora-clang | 0.11.6 | 116.00 | 118.27 | 234.27 | OK | |
| r-devel-linux-x86_64-fedora-gcc | 0.11.6 | 84.00 | 156.80 | 240.80 | OK | |
| r-devel-windows-x86_64 | 0.11.6 | 41.00 | 133.00 | 174.00 | OK | |
| r-patched-linux-x86_64 | 0.11.6 | 34.71 | 104.03 | 138.74 | OK | |
| r-release-linux-x86_64 | 0.11.6 | 33.21 | 104.38 | 137.59 | OK | |
| r-release-macos-arm64 | 0.11.6 | 16.00 | 55.00 | 71.00 | OK | |
| r-release-macos-x86_64 | 0.11.6 | 30.00 | 114.00 | 144.00 | OK | |
| r-release-windows-x86_64 | 0.11.6 | 36.00 | 134.00 | 170.00 | OK | |
| r-oldrel-macos-arm64 | 0.11.6 | 17.00 | 55.00 | 72.00 | NOTE | |
| r-oldrel-macos-x86_64 | 0.11.6 | 24.00 | 88.00 | 112.00 | NOTE | |
| r-oldrel-windows-x86_64 | 0.11.6 | 76.00 | 170.00 | 246.00 | OK |
Version: 0.11.6
Check: installed package size
Result: NOTE
installed size is 10.3Mb
sub-directories of 1Mb or more:
libs 9.6Mb
Flavors: r-oldrel-macos-arm64, r-oldrel-macos-x86_64