Last updated on 2025-07-19 19:49:47 CEST.
Flavor | Version | Tinstall | Tcheck | Ttotal | Status | Flags |
---|---|---|---|---|---|---|
r-devel-linux-x86_64-debian-clang | 0.1.2 | 28.23 | 224.23 | 252.46 | OK | |
r-devel-linux-x86_64-debian-gcc | 0.1.2 | 19.81 | 160.52 | 180.33 | OK | |
r-devel-linux-x86_64-fedora-clang | 0.1.2 | 378.34 | OK | |||
r-devel-linux-x86_64-fedora-gcc | 0.1.2 | 350.01 | OK | |||
r-devel-windows-x86_64 | 0.1.2 | 28.00 | 187.00 | 215.00 | OK | |
r-patched-linux-x86_64 | 0.1.2 | 27.21 | 210.50 | 237.71 | OK | |
r-release-linux-x86_64 | 0.1.2 | 26.95 | 210.38 | 237.33 | OK | |
r-release-macos-arm64 | 0.1.2 | 100.00 | OK | |||
r-release-macos-x86_64 | 0.1.2 | 186.00 | OK | |||
r-release-windows-x86_64 | 0.1.2 | 27.00 | 184.00 | 211.00 | OK | |
r-oldrel-macos-arm64 | 0.1.2 | 93.00 | NOTE | |||
r-oldrel-macos-x86_64 | 0.1.2 | 183.00 | NOTE | |||
r-oldrel-windows-x86_64 | 0.1.2 | 38.00 | 246.00 | 284.00 | NOTE |
Version: 0.1.2
Check: package dependencies
Result: NOTE
Package suggested but not available for checking: ‘microViz’
Flavors: r-oldrel-macos-arm64, r-oldrel-macos-x86_64, r-oldrel-windows-x86_64