Last updated on 2025-10-31 20:48:41 CET.
| Flavor | Version | Tinstall | Tcheck | Ttotal | Status | Flags | 
|---|---|---|---|---|---|---|
| r-devel-linux-x86_64-debian-clang | 1.1.2 | 9.67 | 89.17 | 98.84 | NOTE | |
| r-devel-linux-x86_64-debian-gcc | 1.1.2 | 6.48 | 64.43 | 70.91 | NOTE | |
| r-devel-linux-x86_64-fedora-clang | 1.1.2 | 24.00 | 124.71 | 148.71 | NOTE | |
| r-devel-linux-x86_64-fedora-gcc | 1.1.2 | 20.00 | 128.55 | 148.55 | NOTE | |
| r-devel-windows-x86_64 | 1.1.2 | 11.00 | 94.00 | 105.00 | NOTE | |
| r-patched-linux-x86_64 | 1.1.2 | 8.34 | 81.45 | 89.79 | NOTE | |
| r-release-linux-x86_64 | 1.1.2 | 9.22 | 82.76 | 91.98 | NOTE | |
| r-release-macos-arm64 | 1.1.2 | 5.00 | 55.00 | 60.00 | NOTE | |
| r-release-macos-x86_64 | 1.1.2 | 8.00 | 81.00 | 89.00 | NOTE | |
| r-release-windows-x86_64 | 1.1.2 | 14.00 | 94.00 | 108.00 | NOTE | |
| r-oldrel-macos-arm64 | 1.1.2 | 4.00 | 213.00 | 217.00 | NOTE | |
| r-oldrel-macos-x86_64 | 1.1.2 | 6.00 | 238.00 | 244.00 | NOTE | |
| r-oldrel-windows-x86_64 | 1.1.2 | 16.00 | 121.00 | 137.00 | NOTE | 
Version: 1.1.2
Check: DESCRIPTION meta-information
Result: NOTE
    Missing dependency on R >= 4.1.0 because package code uses the pipe
    |> or function shorthand \(...) syntax added in R 4.1.0.
    File(s) using such syntax:
      ‘theme_hmsid.Rd’
Flavors: r-devel-linux-x86_64-debian-clang, r-devel-linux-x86_64-debian-gcc, r-devel-linux-x86_64-fedora-clang, r-devel-linux-x86_64-fedora-gcc, r-devel-windows-x86_64, r-patched-linux-x86_64, r-release-linux-x86_64, r-release-macos-arm64, r-release-macos-x86_64, r-release-windows-x86_64
Version: 1.1.2
Check: installed package size
Result: NOTE
    installed size is  6.2Mb
    sub-directories of 1Mb or more:
      data   2.0Mb
      doc    4.0Mb
Flavors: r-oldrel-macos-arm64, r-oldrel-macos-x86_64, r-oldrel-windows-x86_64