CRAN Package Check Results for Package hlidacr

Last updated on 2025-07-21 20:50:04 CEST.

Flavor Version Tinstall Tcheck Ttotal Status Flags
r-devel-linux-x86_64-debian-clang 0.2.0 1.92 29.74 31.66 OK
r-devel-linux-x86_64-debian-gcc 0.2.0 1.58 24.65 26.23 ERROR
r-devel-linux-x86_64-fedora-clang 0.2.0 50.84 ERROR
r-devel-linux-x86_64-fedora-gcc 0.2.0 60.00 ERROR
r-devel-windows-x86_64 0.2.0 4.00 51.00 55.00 OK
r-patched-linux-x86_64 0.2.0 2.12 27.59 29.71 OK
r-release-linux-x86_64 0.2.0 1.69 26.94 28.63 OK
r-release-macos-arm64 0.2.0 44.00 OK
r-release-macos-x86_64 0.2.0 52.00 OK
r-release-windows-x86_64 0.2.0 4.00 50.00 54.00 OK
r-oldrel-macos-arm64 0.2.0 26.00 OK
r-oldrel-macos-x86_64 0.2.0 49.00 OK
r-oldrel-windows-x86_64 0.2.0 4.00 57.00 61.00 OK

Check Details

Version: 0.2.0
Check: tests
Result: ERROR Running ‘testthat.R’ [3s/5s] Running the tests in ‘tests/testthat.R’ failed. Complete output: > library(testthat) > library(hlidacr) > > test_check("hlidacr") [ FAIL 16 | WARN 0 | SKIP 0 | PASS 9 ] ══ Failed tests ════════════════════════════════════════════════════════════════ ── Error ('test-vcr.R:3:9'): get_datasets() works ────────────────────────────── Error: parse error: premature EOF (right here) ------^ Backtrace: ▆ 1. ├─vcr::use_cassette(...) at test-vcr.R:2:5 2. │ └─cassette$call_block(...) 3. └─hlidacr::get_datasets(token = Sys.getenv("HLIDAC_TOKEN")) at test-vcr.R:3:9 4. └─jsonlite::fromJSON(stringr::str_conv(response$content, "UTF-8")) 5. └─jsonlite:::parse_and_simplify(...) 6. └─jsonlite:::parseJSON(txt, bigint_as_char) 7. └─jsonlite:::parse_string(txt, bigint_as_char) ── Error ('test-vcr.R:14:9'): get_dataset_metadata() works ───────────────────── Error: parse error: premature EOF (right here) ------^ Backtrace: ▆ 1. ├─vcr::use_cassette(...) at test-vcr.R:13:5 2. │ └─cassette$call_block(...) 3. └─hlidacr::get_dataset_metadata("ministri", token = Sys.getenv("HLIDAC_TOKEN")) at test-vcr.R:14:9 4. └─jsonlite::fromJSON(stringr::str_conv(response$content, "UTF-8")) 5. └─jsonlite:::parse_and_simplify(...) 6. └─jsonlite:::parseJSON(txt, bigint_as_char) 7. └─jsonlite:::parse_string(txt, bigint_as_char) ── Error ('test-vcr.R:23:9'): get_dataset_data() works ───────────────────────── Error: parse error: premature EOF (right here) ------^ Backtrace: ▆ 1. ├─vcr::use_cassette(...) at test-vcr.R:22:5 2. │ └─cassette$call_block(...) 3. └─hlidacr::get_dataset_data("ministri", token = Sys.getenv("HLIDAC_TOKEN")) at test-vcr.R:23:9 4. └─jsonlite::fromJSON(stringr::str_conv(response$content, "UTF-8")) 5. └─jsonlite:::parse_and_simplify(...) 6. └─jsonlite:::parseJSON(txt, bigint_as_char) 7. └─jsonlite:::parse_string(txt, bigint_as_char) ── Error ('test-vcr.R:46:9'): get_dataset_record_detail() works ──────────────── Error: parse error: premature EOF (right here) ------^ Backtrace: ▆ 1. ├─vcr::use_cassette(...) at test-vcr.R:45:5 2. │ └─cassette$call_block(...) 3. └─hlidacr::get_dataset_record_detail("ministri", 1, token = Sys.getenv("HLIDAC_TOKEN")) at test-vcr.R:46:9 4. └─jsonlite::fromJSON(stringr::str_conv(response$content, "UTF-8")) 5. └─jsonlite:::parse_and_simplify(...) 6. └─jsonlite:::parseJSON(txt, bigint_as_char) 7. └─jsonlite:::parse_string(txt, bigint_as_char) ── Error ('test-vcr.R:56:9'): search_subsidies() works ───────────────────────── Error: parse error: premature EOF (right here) ------^ Backtrace: ▆ 1. ├─vcr::use_cassette(...) at test-vcr.R:55:5 2. │ └─cassette$call_block(...) 3. └─hlidacr::search_subsidies("golf", page = 1, token = Sys.getenv("HLIDAC_TOKEN")) at test-vcr.R:56:9 4. └─jsonlite::fromJSON(stringr::str_conv(response$content, "UTF-8")) 5. └─jsonlite:::parse_and_simplify(...) 6. └─jsonlite:::parseJSON(txt, bigint_as_char) 7. └─jsonlite:::parse_string(txt, bigint_as_char) ── Error ('test-vcr.R:66:9'): get_subsidy() works ────────────────────────────── Error: parse error: premature EOF (right here) ------^ Backtrace: ▆ 1. ├─vcr::use_cassette(...) at test-vcr.R:65:5 2. │ └─cassette$call_block(...) 3. └─hlidacr::get_subsidy("deminimis-1000229862", token = Sys.getenv("HLIDAC_TOKEN")) at test-vcr.R:66:9 4. └─jsonlite::fromJSON(stringr::str_conv(response$content, "UTF-8")) 5. └─jsonlite:::parse_and_simplify(...) 6. └─jsonlite:::parseJSON(txt, bigint_as_char) 7. └─jsonlite:::parse_string(txt, bigint_as_char) ── Error ('test-vcr.R:77:9'): get_company() works ────────────────────────────── Error: parse error: premature EOF (right here) ------^ Backtrace: ▆ 1. ├─vcr::use_cassette(...) at test-vcr.R:76:5 2. │ └─cassette$call_block(...) 3. └─hlidacr::get_company("Agrofert", token = Sys.getenv("HLIDAC_TOKEN")) at test-vcr.R:77:9 4. └─jsonlite::fromJSON(stringr::str_conv(response$content, "UTF-8")) 5. └─jsonlite:::parse_and_simplify(...) 6. └─jsonlite:::parseJSON(txt, bigint_as_char) 7. └─jsonlite:::parse_string(txt, bigint_as_char) ── Error ('test-vcr.R:87:9'): get_person() works ─────────────────────────────── Error: parse error: premature EOF (right here) ------^ Backtrace: ▆ 1. ├─vcr::use_cassette(...) at test-vcr.R:86:5 2. │ └─cassette$call_block(...) 3. └─hlidacr::get_person("andrej-babis", token = Sys.getenv("HLIDAC_TOKEN")) at test-vcr.R:87:9 4. └─jsonlite::fromJSON(stringr::str_conv(response$content, "UTF-8")) 5. └─jsonlite:::parse_and_simplify(...) 6. └─jsonlite:::parseJSON(txt, bigint_as_char) 7. └─jsonlite:::parse_string(txt, bigint_as_char) ── Error ('test-vcr.R:100:9'): search_person() works ─────────────────────────── Error: parse error: premature EOF (right here) ------^ Backtrace: ▆ 1. ├─vcr::use_cassette(...) at test-vcr.R:99:5 2. │ └─cassette$call_block(...) 3. └─hlidacr::search_person(query = "Kalousek", token = Sys.getenv("HLIDAC_TOKEN")) at test-vcr.R:100:9 4. └─jsonlite::fromJSON(stringr::str_conv(response$content, "UTF-8")) 5. └─jsonlite:::parse_and_simplify(...) 6. └─jsonlite:::parseJSON(txt, bigint_as_char) 7. └─jsonlite:::parse_string(txt, bigint_as_char) ── Error ('test-vcr.R:109:9'): search_person_by_parameters() works ───────────── Error: parse error: premature EOF (right here) ------^ Backtrace: ▆ 1. ├─vcr::use_cassette(...) at test-vcr.R:108:5 2. │ └─cassette$call_block(...) 3. └─hlidacr::search_person_by_parameters(...) at test-vcr.R:109:9 4. └─jsonlite::fromJSON(stringr::str_conv(response$content, "UTF-8")) 5. └─jsonlite:::parse_and_simplify(...) 6. └─jsonlite:::parseJSON(txt, bigint_as_char) 7. └─jsonlite:::parse_string(txt, bigint_as_char) ── Error ('test-vcr.R:120:9'): get_person_social() works ─────────────────────── Error: parse error: premature EOF (right here) ------^ Backtrace: ▆ 1. ├─vcr::use_cassette(...) at test-vcr.R:119:5 2. │ └─cassette$call_block(...) 3. └─hlidacr::get_person_social(c("Twitter", "Instagram"), token = Sys.getenv("HLIDAC_TOKEN")) at test-vcr.R:120:9 4. └─jsonlite::fromJSON(stringr::str_conv(response$content, "UTF-8")) 5. └─jsonlite:::parse_and_simplify(...) 6. └─jsonlite:::parseJSON(txt, bigint_as_char) 7. └─jsonlite:::parse_string(txt, bigint_as_char) ── Error ('test-vcr.R:129:9'): search_contracts() works ──────────────────────── Error: parse error: premature EOF (right here) ------^ Backtrace: ▆ 1. ├─vcr::use_cassette(...) at test-vcr.R:128:5 2. │ └─cassette$call_block(...) 3. └─hlidacr::search_contracts("golf", token = Sys.getenv("HLIDAC_TOKEN")) at test-vcr.R:129:9 4. └─jsonlite::fromJSON(stringr::str_conv(response$content, "UTF-8")) 5. └─jsonlite:::parse_and_simplify(...) 6. └─jsonlite:::parseJSON(txt, bigint_as_char) 7. └─jsonlite:::parse_string(txt, bigint_as_char) ── Error ('test-vcr.R:141:9'): get_contract() works ──────────────────────────── Error: parse error: premature EOF (right here) ------^ Backtrace: ▆ 1. ├─vcr::use_cassette(...) at test-vcr.R:140:5 2. │ └─cassette$call_block(...) 3. └─hlidacr::get_contract("3583464", token = Sys.getenv("HLIDAC_TOKEN")) at test-vcr.R:141:9 4. └─jsonlite::fromJSON(stringr::str_conv(response$content, "UTF-8")) 5. └─jsonlite:::parse_and_simplify(...) 6. └─jsonlite:::parseJSON(txt, bigint_as_char) 7. └─jsonlite:::parse_string(txt, bigint_as_char) ── Error ('test-vcr.R:150:9'): get_contract_text() works ─────────────────────── Error: parse error: premature EOF (right here) ------^ Backtrace: ▆ 1. ├─vcr::use_cassette(...) at test-vcr.R:149:5 2. │ └─cassette$call_block(...) 3. └─hlidacr::get_contract_text("3583464", token = Sys.getenv("HLIDAC_TOKEN")) at test-vcr.R:150:9 4. └─jsonlite::fromJSON(stringr::str_conv(response$content, "UTF-8")) 5. └─jsonlite:::parse_and_simplify(...) 6. └─jsonlite:::parseJSON(txt, bigint_as_char) 7. └─jsonlite:::parse_string(txt, bigint_as_char) ── Error ('test-vcr.R:159:9'): get_websites() works ──────────────────────────── Error: parse error: premature EOF (right here) ------^ Backtrace: ▆ 1. ├─vcr::use_cassette(...) at test-vcr.R:158:5 2. │ └─cassette$call_block(...) 3. └─hlidacr::get_websites(token = Sys.getenv("HLIDAC_TOKEN")) at test-vcr.R:159:9 4. └─jsonlite::fromJSON(stringr::str_conv(response$content, "UTF-8")) 5. └─jsonlite:::parse_and_simplify(...) 6. └─jsonlite:::parseJSON(txt, bigint_as_char) 7. └─jsonlite:::parse_string(txt, bigint_as_char) ── Error ('test-vcr.R:167:9'): get_website_detail() works ────────────────────── Error: parse error: premature EOF (right here) ------^ Backtrace: ▆ 1. ├─vcr::use_cassette(...) at test-vcr.R:166:5 2. │ └─cassette$call_block(...) 3. └─hlidacr::get_website_detail(id = "10107", token = Sys.getenv("HLIDAC_TOKEN")) at test-vcr.R:167:9 4. └─jsonlite::fromJSON(stringr::str_conv(response$content, "UTF-8")) 5. └─jsonlite:::parse_and_simplify(...) 6. └─jsonlite:::parseJSON(txt, bigint_as_char) 7. └─jsonlite:::parse_string(txt, bigint_as_char) [ FAIL 16 | WARN 0 | SKIP 0 | PASS 9 ] Error: Test failures Execution halted Flavor: r-devel-linux-x86_64-debian-gcc

Version: 0.2.0
Check: tests
Result: ERROR Running ‘testthat.R’ [7s/11s] Running the tests in ‘tests/testthat.R’ failed. Complete output: > library(testthat) > library(hlidacr) > > test_check("hlidacr") [ FAIL 16 | WARN 0 | SKIP 0 | PASS 9 ] ══ Failed tests ════════════════════════════════════════════════════════════════ ── Error ('test-vcr.R:3:9'): get_datasets() works ────────────────────────────── Error: parse error: premature EOF (right here) ------^ Backtrace: ▆ 1. ├─vcr::use_cassette(...) at test-vcr.R:2:5 2. │ └─cassette$call_block(...) 3. └─hlidacr::get_datasets(token = Sys.getenv("HLIDAC_TOKEN")) at test-vcr.R:3:9 4. └─jsonlite::fromJSON(stringr::str_conv(response$content, "UTF-8")) 5. └─jsonlite:::parse_and_simplify(...) 6. └─jsonlite:::parseJSON(txt, bigint_as_char) 7. └─jsonlite:::parse_string(txt, bigint_as_char) ── Error ('test-vcr.R:14:9'): get_dataset_metadata() works ───────────────────── Error: parse error: premature EOF (right here) ------^ Backtrace: ▆ 1. ├─vcr::use_cassette(...) at test-vcr.R:13:5 2. │ └─cassette$call_block(...) 3. └─hlidacr::get_dataset_metadata("ministri", token = Sys.getenv("HLIDAC_TOKEN")) at test-vcr.R:14:9 4. └─jsonlite::fromJSON(stringr::str_conv(response$content, "UTF-8")) 5. └─jsonlite:::parse_and_simplify(...) 6. └─jsonlite:::parseJSON(txt, bigint_as_char) 7. └─jsonlite:::parse_string(txt, bigint_as_char) ── Error ('test-vcr.R:23:9'): get_dataset_data() works ───────────────────────── Error: parse error: premature EOF (right here) ------^ Backtrace: ▆ 1. ├─vcr::use_cassette(...) at test-vcr.R:22:5 2. │ └─cassette$call_block(...) 3. └─hlidacr::get_dataset_data("ministri", token = Sys.getenv("HLIDAC_TOKEN")) at test-vcr.R:23:9 4. └─jsonlite::fromJSON(stringr::str_conv(response$content, "UTF-8")) 5. └─jsonlite:::parse_and_simplify(...) 6. └─jsonlite:::parseJSON(txt, bigint_as_char) 7. └─jsonlite:::parse_string(txt, bigint_as_char) ── Error ('test-vcr.R:46:9'): get_dataset_record_detail() works ──────────────── Error: parse error: premature EOF (right here) ------^ Backtrace: ▆ 1. ├─vcr::use_cassette(...) at test-vcr.R:45:5 2. │ └─cassette$call_block(...) 3. └─hlidacr::get_dataset_record_detail("ministri", 1, token = Sys.getenv("HLIDAC_TOKEN")) at test-vcr.R:46:9 4. └─jsonlite::fromJSON(stringr::str_conv(response$content, "UTF-8")) 5. └─jsonlite:::parse_and_simplify(...) 6. └─jsonlite:::parseJSON(txt, bigint_as_char) 7. └─jsonlite:::parse_string(txt, bigint_as_char) ── Error ('test-vcr.R:56:9'): search_subsidies() works ───────────────────────── Error: parse error: premature EOF (right here) ------^ Backtrace: ▆ 1. ├─vcr::use_cassette(...) at test-vcr.R:55:5 2. │ └─cassette$call_block(...) 3. └─hlidacr::search_subsidies("golf", page = 1, token = Sys.getenv("HLIDAC_TOKEN")) at test-vcr.R:56:9 4. └─jsonlite::fromJSON(stringr::str_conv(response$content, "UTF-8")) 5. └─jsonlite:::parse_and_simplify(...) 6. └─jsonlite:::parseJSON(txt, bigint_as_char) 7. └─jsonlite:::parse_string(txt, bigint_as_char) ── Error ('test-vcr.R:66:9'): get_subsidy() works ────────────────────────────── Error: parse error: premature EOF (right here) ------^ Backtrace: ▆ 1. ├─vcr::use_cassette(...) at test-vcr.R:65:5 2. │ └─cassette$call_block(...) 3. └─hlidacr::get_subsidy("deminimis-1000229862", token = Sys.getenv("HLIDAC_TOKEN")) at test-vcr.R:66:9 4. └─jsonlite::fromJSON(stringr::str_conv(response$content, "UTF-8")) 5. └─jsonlite:::parse_and_simplify(...) 6. └─jsonlite:::parseJSON(txt, bigint_as_char) 7. └─jsonlite:::parse_string(txt, bigint_as_char) ── Error ('test-vcr.R:77:9'): get_company() works ────────────────────────────── Error: parse error: premature EOF (right here) ------^ Backtrace: ▆ 1. ├─vcr::use_cassette(...) at test-vcr.R:76:5 2. │ └─cassette$call_block(...) 3. └─hlidacr::get_company("Agrofert", token = Sys.getenv("HLIDAC_TOKEN")) at test-vcr.R:77:9 4. └─jsonlite::fromJSON(stringr::str_conv(response$content, "UTF-8")) 5. └─jsonlite:::parse_and_simplify(...) 6. └─jsonlite:::parseJSON(txt, bigint_as_char) 7. └─jsonlite:::parse_string(txt, bigint_as_char) ── Error ('test-vcr.R:87:9'): get_person() works ─────────────────────────────── Error: parse error: premature EOF (right here) ------^ Backtrace: ▆ 1. ├─vcr::use_cassette(...) at test-vcr.R:86:5 2. │ └─cassette$call_block(...) 3. └─hlidacr::get_person("andrej-babis", token = Sys.getenv("HLIDAC_TOKEN")) at test-vcr.R:87:9 4. └─jsonlite::fromJSON(stringr::str_conv(response$content, "UTF-8")) 5. └─jsonlite:::parse_and_simplify(...) 6. └─jsonlite:::parseJSON(txt, bigint_as_char) 7. └─jsonlite:::parse_string(txt, bigint_as_char) ── Error ('test-vcr.R:100:9'): search_person() works ─────────────────────────── Error: parse error: premature EOF (right here) ------^ Backtrace: ▆ 1. ├─vcr::use_cassette(...) at test-vcr.R:99:5 2. │ └─cassette$call_block(...) 3. └─hlidacr::search_person(query = "Kalousek", token = Sys.getenv("HLIDAC_TOKEN")) at test-vcr.R:100:9 4. └─jsonlite::fromJSON(stringr::str_conv(response$content, "UTF-8")) 5. └─jsonlite:::parse_and_simplify(...) 6. └─jsonlite:::parseJSON(txt, bigint_as_char) 7. └─jsonlite:::parse_string(txt, bigint_as_char) ── Error ('test-vcr.R:109:9'): search_person_by_parameters() works ───────────── Error: parse error: premature EOF (right here) ------^ Backtrace: ▆ 1. ├─vcr::use_cassette(...) at test-vcr.R:108:5 2. │ └─cassette$call_block(...) 3. └─hlidacr::search_person_by_parameters(...) at test-vcr.R:109:9 4. └─jsonlite::fromJSON(stringr::str_conv(response$content, "UTF-8")) 5. └─jsonlite:::parse_and_simplify(...) 6. └─jsonlite:::parseJSON(txt, bigint_as_char) 7. └─jsonlite:::parse_string(txt, bigint_as_char) ── Error ('test-vcr.R:120:9'): get_person_social() works ─────────────────────── Error: parse error: premature EOF (right here) ------^ Backtrace: ▆ 1. ├─vcr::use_cassette(...) at test-vcr.R:119:5 2. │ └─cassette$call_block(...) 3. └─hlidacr::get_person_social(c("Twitter", "Instagram"), token = Sys.getenv("HLIDAC_TOKEN")) at test-vcr.R:120:9 4. └─jsonlite::fromJSON(stringr::str_conv(response$content, "UTF-8")) 5. └─jsonlite:::parse_and_simplify(...) 6. └─jsonlite:::parseJSON(txt, bigint_as_char) 7. └─jsonlite:::parse_string(txt, bigint_as_char) ── Error ('test-vcr.R:129:9'): search_contracts() works ──────────────────────── Error: parse error: premature EOF (right here) ------^ Backtrace: ▆ 1. ├─vcr::use_cassette(...) at test-vcr.R:128:5 2. │ └─cassette$call_block(...) 3. └─hlidacr::search_contracts("golf", token = Sys.getenv("HLIDAC_TOKEN")) at test-vcr.R:129:9 4. └─jsonlite::fromJSON(stringr::str_conv(response$content, "UTF-8")) 5. └─jsonlite:::parse_and_simplify(...) 6. └─jsonlite:::parseJSON(txt, bigint_as_char) 7. └─jsonlite:::parse_string(txt, bigint_as_char) ── Error ('test-vcr.R:141:9'): get_contract() works ──────────────────────────── Error: parse error: premature EOF (right here) ------^ Backtrace: ▆ 1. ├─vcr::use_cassette(...) at test-vcr.R:140:5 2. │ └─cassette$call_block(...) 3. └─hlidacr::get_contract("3583464", token = Sys.getenv("HLIDAC_TOKEN")) at test-vcr.R:141:9 4. └─jsonlite::fromJSON(stringr::str_conv(response$content, "UTF-8")) 5. └─jsonlite:::parse_and_simplify(...) 6. └─jsonlite:::parseJSON(txt, bigint_as_char) 7. └─jsonlite:::parse_string(txt, bigint_as_char) ── Error ('test-vcr.R:150:9'): get_contract_text() works ─────────────────────── Error: parse error: premature EOF (right here) ------^ Backtrace: ▆ 1. ├─vcr::use_cassette(...) at test-vcr.R:149:5 2. │ └─cassette$call_block(...) 3. └─hlidacr::get_contract_text("3583464", token = Sys.getenv("HLIDAC_TOKEN")) at test-vcr.R:150:9 4. └─jsonlite::fromJSON(stringr::str_conv(response$content, "UTF-8")) 5. └─jsonlite:::parse_and_simplify(...) 6. └─jsonlite:::parseJSON(txt, bigint_as_char) 7. └─jsonlite:::parse_string(txt, bigint_as_char) ── Error ('test-vcr.R:159:9'): get_websites() works ──────────────────────────── Error: parse error: premature EOF (right here) ------^ Backtrace: ▆ 1. ├─vcr::use_cassette(...) at test-vcr.R:158:5 2. │ └─cassette$call_block(...) 3. └─hlidacr::get_websites(token = Sys.getenv("HLIDAC_TOKEN")) at test-vcr.R:159:9 4. └─jsonlite::fromJSON(stringr::str_conv(response$content, "UTF-8")) 5. └─jsonlite:::parse_and_simplify(...) 6. └─jsonlite:::parseJSON(txt, bigint_as_char) 7. └─jsonlite:::parse_string(txt, bigint_as_char) ── Error ('test-vcr.R:167:9'): get_website_detail() works ────────────────────── Error: parse error: premature EOF (right here) ------^ Backtrace: ▆ 1. ├─vcr::use_cassette(...) at test-vcr.R:166:5 2. │ └─cassette$call_block(...) 3. └─hlidacr::get_website_detail(id = "10107", token = Sys.getenv("HLIDAC_TOKEN")) at test-vcr.R:167:9 4. └─jsonlite::fromJSON(stringr::str_conv(response$content, "UTF-8")) 5. └─jsonlite:::parse_and_simplify(...) 6. └─jsonlite:::parseJSON(txt, bigint_as_char) 7. └─jsonlite:::parse_string(txt, bigint_as_char) [ FAIL 16 | WARN 0 | SKIP 0 | PASS 9 ] Error: Test failures Execution halted Flavor: r-devel-linux-x86_64-fedora-clang

Version: 0.2.0
Check: tests
Result: ERROR Running ‘testthat.R’ Running the tests in ‘tests/testthat.R’ failed. Complete output: > library(testthat) > library(hlidacr) > > test_check("hlidacr") [ FAIL 16 | WARN 0 | SKIP 0 | PASS 9 ] ══ Failed tests ════════════════════════════════════════════════════════════════ ── Error ('test-vcr.R:3:9'): get_datasets() works ────────────────────────────── Error: parse error: premature EOF (right here) ------^ Backtrace: ▆ 1. ├─vcr::use_cassette(...) at test-vcr.R:2:5 2. │ └─cassette$call_block(...) 3. └─hlidacr::get_datasets(token = Sys.getenv("HLIDAC_TOKEN")) at test-vcr.R:3:9 4. └─jsonlite::fromJSON(stringr::str_conv(response$content, "UTF-8")) 5. └─jsonlite:::parse_and_simplify(...) 6. └─jsonlite:::parseJSON(txt, bigint_as_char) 7. └─jsonlite:::parse_string(txt, bigint_as_char) ── Error ('test-vcr.R:14:9'): get_dataset_metadata() works ───────────────────── Error: parse error: premature EOF (right here) ------^ Backtrace: ▆ 1. ├─vcr::use_cassette(...) at test-vcr.R:13:5 2. │ └─cassette$call_block(...) 3. └─hlidacr::get_dataset_metadata("ministri", token = Sys.getenv("HLIDAC_TOKEN")) at test-vcr.R:14:9 4. └─jsonlite::fromJSON(stringr::str_conv(response$content, "UTF-8")) 5. └─jsonlite:::parse_and_simplify(...) 6. └─jsonlite:::parseJSON(txt, bigint_as_char) 7. └─jsonlite:::parse_string(txt, bigint_as_char) ── Error ('test-vcr.R:23:9'): get_dataset_data() works ───────────────────────── Error: parse error: premature EOF (right here) ------^ Backtrace: ▆ 1. ├─vcr::use_cassette(...) at test-vcr.R:22:5 2. │ └─cassette$call_block(...) 3. └─hlidacr::get_dataset_data("ministri", token = Sys.getenv("HLIDAC_TOKEN")) at test-vcr.R:23:9 4. └─jsonlite::fromJSON(stringr::str_conv(response$content, "UTF-8")) 5. └─jsonlite:::parse_and_simplify(...) 6. └─jsonlite:::parseJSON(txt, bigint_as_char) 7. └─jsonlite:::parse_string(txt, bigint_as_char) ── Error ('test-vcr.R:46:9'): get_dataset_record_detail() works ──────────────── Error: parse error: premature EOF (right here) ------^ Backtrace: ▆ 1. ├─vcr::use_cassette(...) at test-vcr.R:45:5 2. │ └─cassette$call_block(...) 3. └─hlidacr::get_dataset_record_detail("ministri", 1, token = Sys.getenv("HLIDAC_TOKEN")) at test-vcr.R:46:9 4. └─jsonlite::fromJSON(stringr::str_conv(response$content, "UTF-8")) 5. └─jsonlite:::parse_and_simplify(...) 6. └─jsonlite:::parseJSON(txt, bigint_as_char) 7. └─jsonlite:::parse_string(txt, bigint_as_char) ── Error ('test-vcr.R:56:9'): search_subsidies() works ───────────────────────── Error: parse error: premature EOF (right here) ------^ Backtrace: ▆ 1. ├─vcr::use_cassette(...) at test-vcr.R:55:5 2. │ └─cassette$call_block(...) 3. └─hlidacr::search_subsidies("golf", page = 1, token = Sys.getenv("HLIDAC_TOKEN")) at test-vcr.R:56:9 4. └─jsonlite::fromJSON(stringr::str_conv(response$content, "UTF-8")) 5. └─jsonlite:::parse_and_simplify(...) 6. └─jsonlite:::parseJSON(txt, bigint_as_char) 7. └─jsonlite:::parse_string(txt, bigint_as_char) ── Error ('test-vcr.R:66:9'): get_subsidy() works ────────────────────────────── Error: parse error: premature EOF (right here) ------^ Backtrace: ▆ 1. ├─vcr::use_cassette(...) at test-vcr.R:65:5 2. │ └─cassette$call_block(...) 3. └─hlidacr::get_subsidy("deminimis-1000229862", token = Sys.getenv("HLIDAC_TOKEN")) at test-vcr.R:66:9 4. └─jsonlite::fromJSON(stringr::str_conv(response$content, "UTF-8")) 5. └─jsonlite:::parse_and_simplify(...) 6. └─jsonlite:::parseJSON(txt, bigint_as_char) 7. └─jsonlite:::parse_string(txt, bigint_as_char) ── Error ('test-vcr.R:77:9'): get_company() works ────────────────────────────── Error: parse error: premature EOF (right here) ------^ Backtrace: ▆ 1. ├─vcr::use_cassette(...) at test-vcr.R:76:5 2. │ └─cassette$call_block(...) 3. └─hlidacr::get_company("Agrofert", token = Sys.getenv("HLIDAC_TOKEN")) at test-vcr.R:77:9 4. └─jsonlite::fromJSON(stringr::str_conv(response$content, "UTF-8")) 5. └─jsonlite:::parse_and_simplify(...) 6. └─jsonlite:::parseJSON(txt, bigint_as_char) 7. └─jsonlite:::parse_string(txt, bigint_as_char) ── Error ('test-vcr.R:87:9'): get_person() works ─────────────────────────────── Error: parse error: premature EOF (right here) ------^ Backtrace: ▆ 1. ├─vcr::use_cassette(...) at test-vcr.R:86:5 2. │ └─cassette$call_block(...) 3. └─hlidacr::get_person("andrej-babis", token = Sys.getenv("HLIDAC_TOKEN")) at test-vcr.R:87:9 4. └─jsonlite::fromJSON(stringr::str_conv(response$content, "UTF-8")) 5. └─jsonlite:::parse_and_simplify(...) 6. └─jsonlite:::parseJSON(txt, bigint_as_char) 7. └─jsonlite:::parse_string(txt, bigint_as_char) ── Error ('test-vcr.R:100:9'): search_person() works ─────────────────────────── Error: parse error: premature EOF (right here) ------^ Backtrace: ▆ 1. ├─vcr::use_cassette(...) at test-vcr.R:99:5 2. │ └─cassette$call_block(...) 3. └─hlidacr::search_person(query = "Kalousek", token = Sys.getenv("HLIDAC_TOKEN")) at test-vcr.R:100:9 4. └─jsonlite::fromJSON(stringr::str_conv(response$content, "UTF-8")) 5. └─jsonlite:::parse_and_simplify(...) 6. └─jsonlite:::parseJSON(txt, bigint_as_char) 7. └─jsonlite:::parse_string(txt, bigint_as_char) ── Error ('test-vcr.R:109:9'): search_person_by_parameters() works ───────────── Error: parse error: premature EOF (right here) ------^ Backtrace: ▆ 1. ├─vcr::use_cassette(...) at test-vcr.R:108:5 2. │ └─cassette$call_block(...) 3. └─hlidacr::search_person_by_parameters(...) at test-vcr.R:109:9 4. └─jsonlite::fromJSON(stringr::str_conv(response$content, "UTF-8")) 5. └─jsonlite:::parse_and_simplify(...) 6. └─jsonlite:::parseJSON(txt, bigint_as_char) 7. └─jsonlite:::parse_string(txt, bigint_as_char) ── Error ('test-vcr.R:120:9'): get_person_social() works ─────────────────────── Error: parse error: premature EOF (right here) ------^ Backtrace: ▆ 1. ├─vcr::use_cassette(...) at test-vcr.R:119:5 2. │ └─cassette$call_block(...) 3. └─hlidacr::get_person_social(c("Twitter", "Instagram"), token = Sys.getenv("HLIDAC_TOKEN")) at test-vcr.R:120:9 4. └─jsonlite::fromJSON(stringr::str_conv(response$content, "UTF-8")) 5. └─jsonlite:::parse_and_simplify(...) 6. └─jsonlite:::parseJSON(txt, bigint_as_char) 7. └─jsonlite:::parse_string(txt, bigint_as_char) ── Error ('test-vcr.R:129:9'): search_contracts() works ──────────────────────── Error: parse error: premature EOF (right here) ------^ Backtrace: ▆ 1. ├─vcr::use_cassette(...) at test-vcr.R:128:5 2. │ └─cassette$call_block(...) 3. └─hlidacr::search_contracts("golf", token = Sys.getenv("HLIDAC_TOKEN")) at test-vcr.R:129:9 4. └─jsonlite::fromJSON(stringr::str_conv(response$content, "UTF-8")) 5. └─jsonlite:::parse_and_simplify(...) 6. └─jsonlite:::parseJSON(txt, bigint_as_char) 7. └─jsonlite:::parse_string(txt, bigint_as_char) ── Error ('test-vcr.R:141:9'): get_contract() works ──────────────────────────── Error: parse error: premature EOF (right here) ------^ Backtrace: ▆ 1. ├─vcr::use_cassette(...) at test-vcr.R:140:5 2. │ └─cassette$call_block(...) 3. └─hlidacr::get_contract("3583464", token = Sys.getenv("HLIDAC_TOKEN")) at test-vcr.R:141:9 4. └─jsonlite::fromJSON(stringr::str_conv(response$content, "UTF-8")) 5. └─jsonlite:::parse_and_simplify(...) 6. └─jsonlite:::parseJSON(txt, bigint_as_char) 7. └─jsonlite:::parse_string(txt, bigint_as_char) ── Error ('test-vcr.R:150:9'): get_contract_text() works ─────────────────────── Error: parse error: premature EOF (right here) ------^ Backtrace: ▆ 1. ├─vcr::use_cassette(...) at test-vcr.R:149:5 2. │ └─cassette$call_block(...) 3. └─hlidacr::get_contract_text("3583464", token = Sys.getenv("HLIDAC_TOKEN")) at test-vcr.R:150:9 4. └─jsonlite::fromJSON(stringr::str_conv(response$content, "UTF-8")) 5. └─jsonlite:::parse_and_simplify(...) 6. └─jsonlite:::parseJSON(txt, bigint_as_char) 7. └─jsonlite:::parse_string(txt, bigint_as_char) ── Error ('test-vcr.R:159:9'): get_websites() works ──────────────────────────── Error: parse error: premature EOF (right here) ------^ Backtrace: ▆ 1. ├─vcr::use_cassette(...) at test-vcr.R:158:5 2. │ └─cassette$call_block(...) 3. └─hlidacr::get_websites(token = Sys.getenv("HLIDAC_TOKEN")) at test-vcr.R:159:9 4. └─jsonlite::fromJSON(stringr::str_conv(response$content, "UTF-8")) 5. └─jsonlite:::parse_and_simplify(...) 6. └─jsonlite:::parseJSON(txt, bigint_as_char) 7. └─jsonlite:::parse_string(txt, bigint_as_char) ── Error ('test-vcr.R:167:9'): get_website_detail() works ────────────────────── Error: parse error: premature EOF (right here) ------^ Backtrace: ▆ 1. ├─vcr::use_cassette(...) at test-vcr.R:166:5 2. │ └─cassette$call_block(...) 3. └─hlidacr::get_website_detail(id = "10107", token = Sys.getenv("HLIDAC_TOKEN")) at test-vcr.R:167:9 4. └─jsonlite::fromJSON(stringr::str_conv(response$content, "UTF-8")) 5. └─jsonlite:::parse_and_simplify(...) 6. └─jsonlite:::parseJSON(txt, bigint_as_char) 7. └─jsonlite:::parse_string(txt, bigint_as_char) [ FAIL 16 | WARN 0 | SKIP 0 | PASS 9 ] Error: Test failures Execution halted Flavor: r-devel-linux-x86_64-fedora-gcc