Last updated on 2025-10-21 11:53:26 CEST.
Flavor | Version | Tinstall | Tcheck | Ttotal | Status | Flags |
---|---|---|---|---|---|---|
r-devel-linux-x86_64-debian-clang | 1.1.0 | 15.80 | 344.15 | 359.95 | NOTE | |
r-devel-linux-x86_64-debian-gcc | 1.1.0 | 9.19 | 235.11 | 244.30 | NOTE | |
r-devel-linux-x86_64-fedora-clang | 1.1.0 | 542.01 | OK | |||
r-devel-linux-x86_64-fedora-gcc | 1.1.0 | 30.00 | 486.04 | 516.04 | OK | |
r-devel-windows-x86_64 | 1.1.0 | 20.00 | 316.00 | 336.00 | OK | |
r-patched-linux-x86_64 | 1.1.0 | 14.67 | 322.71 | 337.38 | OK | |
r-release-linux-x86_64 | 1.1.0 | 13.40 | 321.43 | 334.83 | OK | |
r-release-macos-arm64 | 1.1.0 | 145.00 | OK | |||
r-release-macos-x86_64 | 1.1.0 | 12.00 | 262.00 | 274.00 | OK | |
r-release-windows-x86_64 | 1.1.0 | 22.00 | 310.00 | 332.00 | OK | |
r-oldrel-macos-arm64 | 1.1.0 | 145.00 | OK | |||
r-oldrel-macos-x86_64 | 1.1.0 | 265.00 | OK | |||
r-oldrel-windows-x86_64 | 1.1.0 | 23.00 | 456.00 | 479.00 | OK |
Version: 1.1.0
Check: HTML version of manual
Result: NOTE
Found the following HTML validation problems:
check_cycle_inputs.html:53:1 (check_cycle_inputs.Rd:14): Warning: missing </ul> before </div>
resample_surv.html:61:1 (resample_surv.Rd:27): Warning: missing </ul> before </div>
Flavors: r-devel-linux-x86_64-debian-clang, r-devel-linux-x86_64-debian-gcc