Last updated on 2025-10-31 07:51:47 CET.
| Flavor | Version | Tinstall | Tcheck | Ttotal | Status | Flags | 
|---|---|---|---|---|---|---|
| r-devel-linux-x86_64-debian-clang | 1.1.9 | 2.19 | 30.32 | 32.51 | NOTE | |
| r-devel-linux-x86_64-debian-gcc | 1.1.9 | 1.77 | 24.40 | 26.17 | NOTE | |
| r-devel-linux-x86_64-fedora-clang | 1.1.9 | 49.98 | NOTE | |||
| r-devel-linux-x86_64-fedora-gcc | 1.1.9 | 57.16 | NOTE | |||
| r-devel-windows-x86_64 | 1.1.9 | 3.00 | 58.00 | 61.00 | NOTE | |
| r-patched-linux-x86_64 | 1.1.9 | 2.27 | 28.74 | 31.01 | NOTE | |
| r-release-linux-x86_64 | 1.1.9 | 2.38 | 28.71 | 31.09 | NOTE | |
| r-release-macos-arm64 | 1.1.9 | 1.00 | 25.00 | 26.00 | NOTE | |
| r-release-macos-x86_64 | 1.1.9 | 2.00 | 46.00 | 48.00 | NOTE | |
| r-release-windows-x86_64 | 1.1.9 | 3.00 | 61.00 | 64.00 | NOTE | |
| r-oldrel-macos-arm64 | 1.1.9 | 1.00 | 22.00 | 23.00 | NOTE | |
| r-oldrel-macos-x86_64 | 1.1.9 | 3.00 | 61.00 | 64.00 | NOTE | |
| r-oldrel-windows-x86_64 | 1.1.9 | 5.00 | 65.00 | 70.00 | NOTE | 
Version: 1.1.9
Check: CRAN incoming feasibility
Result: NOTE
  Maintainer: ‘Shilin Zhao <shilin.zhao@vanderbilt.edu>’
  
  No Authors@R field in DESCRIPTION.
  Please add one, modifying
    Authors@R: c(person(given = "Shilin",
                        family = "Zhao",
                        role = c("aut", "cre"),
                        email = "shilin.zhao@vanderbilt.edu"),
                 person(given = "Linlin",
                        family = "Yin",
                        role = "aut"),
                 person(given = "Yan",
                        family = "Guo",
                        role = "aut"),
                 person(given = "Quanhu",
                        family = "Sheng",
                        role = "aut"),
                 person(given = "Yu",
                        family = "Shyr",
                        role = "aut"))
  as necessary.
Flavors: r-devel-linux-x86_64-debian-clang, r-devel-linux-x86_64-debian-gcc
Version: 1.1.9
Check: Rd files
Result: NOTE
  checkRd: (-1) colByValue.Rd:20: Lost braces; missing escapes or markup?
      20 | \item{las}{numeric in {0,1,2,3}; the style of axis labels.}
         |                       ^
Flavors: r-devel-linux-x86_64-debian-clang, r-devel-linux-x86_64-debian-gcc, r-devel-linux-x86_64-fedora-clang, r-devel-linux-x86_64-fedora-gcc, r-devel-windows-x86_64, r-patched-linux-x86_64, r-release-linux-x86_64, r-release-macos-arm64, r-release-macos-x86_64, r-release-windows-x86_64, r-oldrel-macos-arm64, r-oldrel-macos-x86_64, r-oldrel-windows-x86_64