Last updated on 2025-11-23 03:48:47 CET.
| Flavor | Version | Tinstall | Tcheck | Ttotal | Status | Flags |
|---|---|---|---|---|---|---|
| r-devel-linux-x86_64-debian-clang | 0.3.2 | 80.61 | 97.09 | 177.70 | OK | |
| r-devel-linux-x86_64-debian-gcc | 0.3.2 | 54.93 | 65.47 | 120.40 | OK | |
| r-devel-linux-x86_64-fedora-clang | 0.3.2 | 161.00 | 144.39 | 305.39 | OK | |
| r-devel-linux-x86_64-fedora-gcc | 0.3.2 | 142.00 | 142.18 | 284.18 | OK | |
| r-devel-windows-x86_64 | 0.3.2 | 94.00 | 119.00 | 213.00 | OK | |
| r-patched-linux-x86_64 | 0.3.2 | 83.95 | 88.04 | 171.99 | OK | |
| r-release-linux-x86_64 | 0.3.2 | 85.77 | 85.91 | 171.68 | OK | |
| r-release-macos-arm64 | 0.3.2 | OK | ||||
| r-release-macos-x86_64 | 0.3.2 | 41.00 | 84.00 | 125.00 | OK | |
| r-release-windows-x86_64 | 0.3.2 | 90.00 | 119.00 | 209.00 | OK | |
| r-oldrel-macos-arm64 | 0.3.2 | NOTE | ||||
| r-oldrel-macos-x86_64 | 0.3.2 | 39.00 | 79.00 | 118.00 | NOTE | |
| r-oldrel-windows-x86_64 | 0.3.2 | 104.00 | 153.00 | 257.00 | OK |
Version: 0.3.2
Check: installed package size
Result: NOTE
installed size is 7.3Mb
sub-directories of 1Mb or more:
libs 6.5Mb
Flavors: r-oldrel-macos-arm64, r-oldrel-macos-x86_64