Last updated on 2025-10-24 05:50:41 CEST.
| Flavor | Version | Tinstall | Tcheck | Ttotal | Status | Flags |
|---|---|---|---|---|---|---|
| r-devel-linux-x86_64-debian-clang | 1.3.12 | 50.87 | 124.36 | 175.23 | OK | |
| r-devel-linux-x86_64-debian-gcc | 1.3.12 | 40.39 | 87.40 | 127.79 | OK | |
| r-devel-linux-x86_64-fedora-clang | 1.3.12 | 171.00 | 111.41 | 282.41 | OK | |
| r-devel-linux-x86_64-fedora-gcc | 1.3.12 | 126.00 | 150.36 | 276.36 | OK | |
| r-devel-windows-x86_64 | 1.3.12 | 67.00 | 159.00 | 226.00 | OK | |
| r-patched-linux-x86_64 | 1.3.12 | 58.75 | 117.23 | 175.98 | OK | |
| r-release-linux-x86_64 | 1.3.12 | 53.92 | 117.63 | 171.55 | OK | |
| r-release-macos-arm64 | 1.3.12 | 31.00 | 63.00 | 94.00 | OK | |
| r-release-macos-x86_64 | 1.3.12 | 43.00 | 113.00 | 156.00 | OK | |
| r-release-windows-x86_64 | 1.3.12 | 75.00 | 159.00 | 234.00 | OK | |
| r-oldrel-macos-arm64 | 1.3.12 | 30.00 | 70.00 | 100.00 | NOTE | |
| r-oldrel-macos-x86_64 | 1.3.12 | 45.00 | 163.00 | 208.00 | NOTE | |
| r-oldrel-windows-x86_64 | 1.3.12 | 83.00 | 202.00 | 285.00 | NOTE |
Version: 1.3.12
Check: installed package size
Result: NOTE
installed size is 8.1Mb
sub-directories of 1Mb or more:
libs 5.5Mb
Flavors: r-oldrel-macos-arm64, r-oldrel-macos-x86_64, r-oldrel-windows-x86_64