Last updated on 2025-11-16 00:48:34 CET.
| Flavor | Version | Tinstall | Tcheck | Ttotal | Status | Flags |
|---|---|---|---|---|---|---|
| r-devel-linux-x86_64-debian-clang | 0.1.1 | 14.79 | 106.72 | 121.51 | OK | |
| r-devel-linux-x86_64-debian-gcc | 0.1.1 | 11.92 | 78.36 | 90.28 | OK | |
| r-devel-linux-x86_64-fedora-clang | 0.1.1 | 72.00 | 130.60 | 202.60 | OK | |
| r-devel-linux-x86_64-fedora-gcc | 0.2.0 | 88.00 | 197.29 | 285.29 | OK | |
| r-devel-windows-x86_64 | 0.1.1 | 26.00 | 110.00 | 136.00 | OK | |
| r-patched-linux-x86_64 | 0.1.1 | 13.82 | 100.93 | 114.75 | OK | |
| r-release-linux-x86_64 | 0.1.1 | 13.25 | 102.25 | 115.50 | OK | |
| r-release-macos-arm64 | 0.1.1 | 9.00 | 69.00 | 78.00 | OK | |
| r-release-macos-x86_64 | 0.2.0 | 36.00 | 168.00 | 204.00 | OK | |
| r-release-windows-x86_64 | 0.2.0 | 25.00 | 159.00 | 184.00 | OK | |
| r-oldrel-macos-arm64 | 0.1.1 | 8.00 | 58.00 | 66.00 | NOTE | |
| r-oldrel-macos-x86_64 | 0.2.0 | 27.00 | 159.00 | 186.00 | NOTE | |
| r-oldrel-windows-x86_64 | 0.2.0 | 27.00 | 198.00 | 225.00 | NOTE |
Version: 0.1.1
Check: package dependencies
Result: NOTE
Package suggested but not available for checking: ‘cmdstanr’
Flavor: r-oldrel-macos-arm64
Version: 0.2.0
Check: package dependencies
Result: NOTE
Package suggested but not available for checking: ‘cmdstanr’
Flavors: r-oldrel-macos-x86_64, r-oldrel-windows-x86_64