Last updated on 2025-07-20 01:49:30 CEST.
Flavor | Version | Tinstall | Tcheck | Ttotal | Status | Flags |
---|---|---|---|---|---|---|
r-devel-linux-x86_64-debian-clang | 0.2.3 | 10.81 | 447.02 | 457.83 | NOTE | |
r-devel-linux-x86_64-debian-gcc | 0.2.3 | 9.14 | 338.64 | 347.78 | NOTE | |
r-devel-linux-x86_64-fedora-clang | 0.2.3 | 753.23 | OK | |||
r-devel-linux-x86_64-fedora-gcc | 0.2.3 | 789.51 | OK | |||
r-devel-windows-x86_64 | 0.2.3 | 14.00 | 419.00 | 433.00 | NOTE | |
r-patched-linux-x86_64 | 0.2.3 | 12.71 | 487.73 | 500.44 | NOTE | |
r-release-linux-x86_64 | 0.2.3 | 12.28 | 486.05 | 498.33 | NOTE | |
r-release-macos-arm64 | 0.2.3 | 239.00 | OK | |||
r-release-macos-x86_64 | 0.2.3 | 486.00 | OK | |||
r-release-windows-x86_64 | 0.2.3 | 13.00 | 408.00 | 421.00 | NOTE | |
r-oldrel-macos-arm64 | 0.2.3 | 233.00 | OK | |||
r-oldrel-macos-x86_64 | 0.2.3 | 447.00 | OK | |||
r-oldrel-windows-x86_64 | 0.2.3 | 17.00 | 580.00 | 597.00 | OK |
Version: 0.2.3
Check: Rd cross-references
Result: NOTE
Found the following Rd file(s) with Rd \link{} targets missing package
anchors:
format_long_hazards.Rd: data.table
Please provide package anchors for all Rd \link{} targets not in the
package itself and the base packages.
Flavors: r-devel-linux-x86_64-debian-clang, r-devel-linux-x86_64-debian-gcc, r-devel-windows-x86_64, r-patched-linux-x86_64, r-release-linux-x86_64, r-release-windows-x86_64