Last updated on 2025-07-19 14:48:28 CEST.
Flavor | Version | Tinstall | Tcheck | Ttotal | Status | Flags |
---|---|---|---|---|---|---|
r-devel-linux-x86_64-debian-clang | 0.3.0 | 13.80 | 132.24 | 146.04 | NOTE | |
r-devel-linux-x86_64-debian-gcc | 0.3.0 | 10.06 | 95.02 | 105.08 | NOTE | |
r-devel-linux-x86_64-fedora-clang | 0.3.0 | 218.16 | OK | |||
r-devel-linux-x86_64-fedora-gcc | 0.3.0 | 208.47 | OK | |||
r-devel-windows-x86_64 | 0.3.0 | 15.00 | 136.00 | 151.00 | OK | |
r-patched-linux-x86_64 | 0.3.0 | 14.40 | 123.06 | 137.46 | OK | |
r-release-linux-x86_64 | 0.3.0 | 14.08 | 122.25 | 136.33 | OK | |
r-release-macos-arm64 | 0.3.0 | 59.00 | OK | |||
r-release-macos-x86_64 | 0.3.0 | 109.00 | OK | |||
r-release-windows-x86_64 | 0.3.0 | 15.00 | 133.00 | 148.00 | OK | |
r-oldrel-macos-arm64 | 0.3.0 | 57.00 | OK | |||
r-oldrel-macos-x86_64 | 0.3.0 | 84.00 | OK | |||
r-oldrel-windows-x86_64 | 0.3.0 | 20.00 | 171.00 | 191.00 | OK |
Version: 0.3.0
Check: CRAN incoming feasibility
Result: NOTE
Maintainer: ‘Xiang Zhou <xiang_zhou@fas.harvard.edu>’
The BugReports field in DESCRIPTION has
http://github.com/xiangzhou09/hIRT
which should likely be
http://github.com/xiangzhou09/hIRT/issues
instead.
Found the following URLs which should use \doi (with the DOI name only):
File ‘hgrm.Rd’:
https://doi.org/10.1017/pan.2018.63
File ‘hltm.Rd’:
https://doi.org/10.1017/pan.2018.63
Flavors: r-devel-linux-x86_64-debian-clang, r-devel-linux-x86_64-debian-gcc