Last updated on 2025-07-19 08:48:37 CEST.
Flavor | Version | Tinstall | Tcheck | Ttotal | Status | Flags |
---|---|---|---|---|---|---|
r-devel-linux-x86_64-debian-clang | 0.1.3 | 20.82 | 74.93 | 95.75 | NOTE | |
r-devel-linux-x86_64-debian-gcc | 0.1.3 | 16.18 | 55.90 | 72.08 | NOTE | |
r-devel-linux-x86_64-fedora-clang | 0.1.3 | 143.89 | NOTE | |||
r-devel-linux-x86_64-fedora-gcc | 0.1.3 | 146.62 | NOTE | |||
r-devel-windows-x86_64 | 0.1.3 | 28.00 | 94.00 | 122.00 | OK | |
r-patched-linux-x86_64 | 0.1.3 | 19.02 | 69.90 | 88.92 | OK | |
r-release-linux-x86_64 | 0.1.3 | 21.82 | 69.83 | 91.65 | OK | |
r-release-macos-arm64 | 0.1.3 | 42.00 | OK | |||
r-release-macos-x86_64 | 0.1.3 | 77.00 | OK | |||
r-release-windows-x86_64 | 0.1.3 | 24.00 | 94.00 | 118.00 | OK | |
r-oldrel-macos-arm64 | 0.1.3 | 44.00 | OK | |||
r-oldrel-macos-x86_64 | 0.1.3 | 71.00 | OK | |||
r-oldrel-windows-x86_64 | 0.1.3 | 31.00 | 120.00 | 151.00 | OK |
Version: 0.1.3
Check: CRAN incoming feasibility
Result: NOTE
Maintainer: ‘Joseph Emile Honour Percival <ipercival@gmail.com>’
The Description field contains
(Percival et al., 2021)<arXiv:2101.03491>.
Please refer to arXiv e-prints via their arXiv DOI <doi:10.48550/arXiv.YYMM.NNNNN>.
Flavors: r-devel-linux-x86_64-debian-clang, r-devel-linux-x86_64-debian-gcc
Version: 0.1.3
Check: dependencies in R code
Result: NOTE
Namespaces in Imports field not imported from:
‘DT’ ‘attempt’ ‘corpcor’ ‘glue’ ‘htmltools’ ‘pkgload’ ‘processx’
‘tools’
All declared Imports should be used.
Flavors: r-devel-linux-x86_64-fedora-clang, r-devel-linux-x86_64-fedora-gcc