Last updated on 2025-07-20 01:49:30 CEST.
Flavor | Version | Tinstall | Tcheck | Ttotal | Status | Flags |
---|---|---|---|---|---|---|
r-devel-linux-x86_64-debian-clang | 1.0.0 | 2.07 | 22.12 | 24.19 | OK | |
r-devel-linux-x86_64-debian-gcc | 1.0.0 | 1.41 | 18.18 | 19.59 | OK | |
r-devel-linux-x86_64-fedora-clang | 1.0.0 | 33.79 | OK | |||
r-devel-linux-x86_64-fedora-gcc | 1.0.0 | 31.20 | OK | |||
r-devel-windows-x86_64 | 1.0.0 | 4.00 | 40.00 | 44.00 | OK | |
r-patched-linux-x86_64 | 1.0.0 | 1.99 | 19.67 | 21.66 | OK | |
r-release-linux-x86_64 | 1.0.0 | 1.84 | 19.72 | 21.56 | OK | |
r-release-macos-arm64 | 1.0.0 | 16.00 | OK | |||
r-release-macos-x86_64 | 1.0.0 | 25.00 | OK | |||
r-release-windows-x86_64 | 1.0.0 | 3.00 | 40.00 | 43.00 | OK | |
r-oldrel-macos-arm64 | 1.0.0 | 16.00 | NOTE | |||
r-oldrel-macos-x86_64 | 1.0.0 | 25.00 | NOTE | |||
r-oldrel-windows-x86_64 | 1.0.0 | 4.00 | 44.00 | 48.00 | NOTE |
Version: 1.0.0
Check: LazyData
Result: NOTE
'LazyData' is specified without a 'data' directory
Flavors: r-oldrel-macos-arm64, r-oldrel-macos-x86_64, r-oldrel-windows-x86_64