Last updated on 2025-07-24 06:49:28 CEST.
Flavor | Version | Tinstall | Tcheck | Ttotal | Status | Flags |
---|---|---|---|---|---|---|
r-devel-linux-x86_64-debian-clang | 1.0.2 | 28.41 | 60.49 | 88.90 | NOTE | |
r-devel-linux-x86_64-debian-gcc | 1.0.2 | 22.65 | 44.91 | 67.56 | NOTE | |
r-devel-linux-x86_64-fedora-clang | 1.0.2 | 136.00 | OK | |||
r-devel-linux-x86_64-fedora-gcc | 1.0.2 | 136.33 | OK | |||
r-devel-windows-x86_64 | 1.0.2 | 30.00 | 91.00 | 121.00 | OK | |
r-patched-linux-x86_64 | 1.0.2 | 30.84 | 57.69 | 88.53 | OK | |
r-release-linux-x86_64 | 1.0.2 | 32.76 | 57.58 | 90.34 | OK | |
r-release-macos-arm64 | 1.0.2 | 44.00 | OK | |||
r-release-macos-x86_64 | 1.0.2 | 83.00 | OK | |||
r-release-windows-x86_64 | 1.0.2 | 32.00 | 91.00 | 123.00 | OK | |
r-oldrel-macos-arm64 | 1.0.2 | 40.00 | OK | |||
r-oldrel-macos-x86_64 | 1.0.2 | 99.00 | OK | |||
r-oldrel-windows-x86_64 | 1.0.2 | 38.00 | 110.00 | 148.00 | OK |
Version: 1.0.2
Check: CRAN incoming feasibility
Result: NOTE
Maintainer: ‘Xuan Dang <xuandang11289@gmail.com>’
No Authors@R field in DESCRIPTION.
Please add one, modifying
Authors@R: person(given = "Xuan",
family = "Dang",
role = c("aut", "cre"),
email = "xuandang11289@gmail.com")
as necessary.
Flavors: r-devel-linux-x86_64-debian-clang, r-devel-linux-x86_64-debian-gcc