Last updated on 2025-11-15 12:49:37 CET.
| Flavor | Version | Tinstall | Tcheck | Ttotal | Status | Flags |
|---|---|---|---|---|---|---|
| r-devel-linux-x86_64-debian-clang | 2.2.0 | 15.60 | 84.79 | 100.39 | OK | |
| r-devel-linux-x86_64-debian-gcc | 2.2.0 | 10.00 | 57.97 | 67.97 | OK | |
| r-devel-linux-x86_64-fedora-clang | 2.2.0 | 92.00 | 75.65 | 167.65 | OK | |
| r-devel-linux-x86_64-fedora-gcc | 2.2.0 | 29.00 | 113.33 | 142.33 | OK | |
| r-devel-windows-x86_64 | 2.2.0 | 20.00 | 99.00 | 119.00 | OK | |
| r-patched-linux-x86_64 | 2.2.0 | 16.35 | 76.18 | 92.53 | OK | |
| r-release-linux-x86_64 | 2.2.0 | 15.40 | 76.41 | 91.81 | OK | |
| r-release-macos-arm64 | 2.2.0 | 6.00 | 33.00 | 39.00 | OK | |
| r-release-macos-x86_64 | 2.2.0 | 14.00 | 67.00 | 81.00 | OK | |
| r-release-windows-x86_64 | 2.2.0 | 16.00 | 92.00 | 108.00 | OK | |
| r-oldrel-macos-arm64 | 2.2.0 | 7.00 | 34.00 | 41.00 | NOTE | |
| r-oldrel-macos-x86_64 | 2.2.0 | 13.00 | 65.00 | 78.00 | NOTE | |
| r-oldrel-windows-x86_64 | 2.2.0 | 20.00 | 108.00 | 128.00 | NOTE |
Version: 2.2.0
Check: installed package size
Result: NOTE
installed size is 6.0Mb
sub-directories of 1Mb or more:
extdata 5.0Mb
Flavors: r-oldrel-macos-arm64, r-oldrel-macos-x86_64, r-oldrel-windows-x86_64