Last updated on 2025-10-31 14:49:43 CET.
| Flavor | Version | Tinstall | Tcheck | Ttotal | Status | Flags | 
|---|---|---|---|---|---|---|
| r-devel-linux-x86_64-debian-clang | 0.1.0 | 1.52 | 17.77 | 19.29 | NOTE | |
| r-devel-linux-x86_64-debian-gcc | 0.1.0 | 1.36 | 14.68 | 16.04 | NOTE | |
| r-devel-linux-x86_64-fedora-clang | 0.1.0 | 29.88 | OK | |||
| r-devel-linux-x86_64-fedora-gcc | 0.1.0 | 26.26 | OK | |||
| r-devel-windows-x86_64 | 0.1.0 | 2.00 | 33.00 | 35.00 | OK | |
| r-patched-linux-x86_64 | 0.1.0 | 1.51 | 17.24 | 18.75 | OK | |
| r-release-linux-x86_64 | 0.1.0 | 1.24 | 17.17 | 18.41 | OK | |
| r-release-macos-arm64 | 0.1.0 | 1.00 | 13.00 | 14.00 | OK | |
| r-release-macos-x86_64 | 0.1.0 | 2.00 | 26.00 | 28.00 | OK | |
| r-release-windows-x86_64 | 0.1.0 | 3.00 | 35.00 | 38.00 | OK | |
| r-oldrel-macos-arm64 | 0.1.0 | 1.00 | 16.00 | 17.00 | OK | |
| r-oldrel-macos-x86_64 | 0.1.0 | 1.00 | 17.00 | 18.00 | OK | |
| r-oldrel-windows-x86_64 | 0.1.0 | 3.00 | 35.00 | 38.00 | OK | 
Version: 0.1.0
Check: CRAN incoming feasibility
Result: NOTE
  Maintainer: ‘Pierre-Olivier Chasset <pierre-olivier@chasset.net>’
  
  No Authors@R field in DESCRIPTION.
  Please add one, modifying
    Authors@R: person(given = "Pierre-Olivier",
                      family = "Chasset",
                      role = c("aut", "cre"),
                      email = "pierre-olivier@chasset.net")
  as necessary.
  
  Found the following \keyword or \concept entries
  which likely give several index terms:
    File ‘grnn-package.Rd’:
      \keyword{network,}
Flavors: r-devel-linux-x86_64-debian-clang, r-devel-linux-x86_64-debian-gcc