Last updated on 2025-10-31 01:48:59 CET.
| Flavor | Version | Tinstall | Tcheck | Ttotal | Status | Flags | 
|---|---|---|---|---|---|---|
| r-devel-linux-x86_64-debian-clang | 1.3.5 | 4.81 | 444.98 | 449.79 | NOTE | |
| r-devel-linux-x86_64-debian-gcc | 1.3.5 | 2.87 | 244.86 | 247.73 | NOTE | |
| r-devel-linux-x86_64-fedora-clang | 1.3.5 | 19.00 | 807.45 | 826.45 | NOTE | |
| r-devel-linux-x86_64-fedora-gcc | 1.3.5 | 749.21 | NOTE | |||
| r-devel-windows-x86_64 | 1.3.5 | 6.00 | 336.00 | 342.00 | NOTE | |
| r-patched-linux-x86_64 | 1.3.5 | 4.62 | 412.17 | 416.79 | NOTE | |
| r-release-linux-x86_64 | 1.3.5 | 4.64 | 414.84 | 419.48 | NOTE | |
| r-release-macos-arm64 | 1.3.5 | 2.00 | 154.00 | 156.00 | NOTE | |
| r-release-macos-x86_64 | 1.3.5 | 3.00 | 378.00 | 381.00 | NOTE | |
| r-release-windows-x86_64 | 1.3.5 | 8.00 | 334.00 | 342.00 | NOTE | |
| r-oldrel-macos-arm64 | 1.3.5 | 2.00 | 156.00 | 158.00 | NOTE | |
| r-oldrel-macos-x86_64 | 1.3.5 | 4.00 | 315.00 | 319.00 | NOTE | |
| r-oldrel-windows-x86_64 | 1.3.5 | 9.00 | 478.00 | 487.00 | NOTE | 
Version: 1.3.5
Check: CRAN incoming feasibility
Result: NOTE
  Maintainer: ‘Ryan Angi <angi.ryan@gmail.com>’
  
  No Authors@R field in DESCRIPTION.
  Please add one, modifying
    Authors@R: person(given = "Ryan",
                      family = "Angi",
                      role = c("aut", "cre"),
                      email = "angi.ryan@gmail.com")
  as necessary.
Flavors: r-devel-linux-x86_64-debian-clang, r-devel-linux-x86_64-debian-gcc
Version: 1.3.5
Check: Rd files
Result: NOTE
  checkRd: (-1) sample_cm_per_click.Rd:13: Lost braces; missing escapes or markup?
      13 | \item{priors}{Optional list of priors {alpha0, beta0} for Beta, {k0, theta0} for Gamma Inverse Revenue,
         |                                       ^
  checkRd: (-1) sample_cm_per_click.Rd:13: Lost braces; missing escapes or markup?
      13 | \item{priors}{Optional list of priors {alpha0, beta0} for Beta, {k0, theta0} for Gamma Inverse Revenue,
         |                                                                 ^
  checkRd: (-1) sample_cm_per_click.Rd:14: Lost braces; missing escapes or markup?
      14 | and {k01, theta01} for Gamma Cost (uses alternate priors so they can be different from Revenue).
         |     ^
  checkRd: (-1) sample_cpa.Rd:13: Lost braces; missing escapes or markup?
      13 | \item{priors}{Optional list of priors {alpha0, beta0} for Beta and {k0, theta0}
         |                                       ^
  checkRd: (-1) sample_cpa.Rd:13: Lost braces; missing escapes or markup?
      13 | \item{priors}{Optional list of priors {alpha0, beta0} for Beta and {k0, theta0}
         |                                                                    ^
  checkRd: (-1) sample_cpc.Rd:12: Lost braces; missing escapes or markup?
      12 | \item{priors}{Optional list of priors {k0, theta0} for Gamma.
         |                                       ^
  checkRd: (-1) sample_rev_per_session.Rd:13: Lost braces; missing escapes or markup?
      13 | \item{priors}{Optional list of priors {alpha0, beta0} for Beta
         |                                       ^
  checkRd: (-1) sample_rev_per_session.Rd:14: Lost braces; missing escapes or markup?
      14 | and {k0, theta0} for Gamma. Default \eqn{Beta(1,1)}
         |     ^
  checkRd: (-1) sample_total_cm.Rd:13: Lost braces; missing escapes or markup?
      13 | \item{priors}{Optional list of priors {alpha0, beta0} for Beta,
         |                                       ^
  checkRd: (-1) sample_total_cm.Rd:14: Lost braces; missing escapes or markup?
      14 | {k0, theta0} for Gamma Inverse Revenue, and {k01, theta01} for
         | ^
  checkRd: (-1) sample_total_cm.Rd:14: Lost braces; missing escapes or markup?
      14 | {k0, theta0} for Gamma Inverse Revenue, and {k01, theta01} for
         |                                             ^
Flavors: r-devel-linux-x86_64-debian-clang, r-devel-linux-x86_64-debian-gcc, r-devel-linux-x86_64-fedora-clang, r-devel-linux-x86_64-fedora-gcc, r-devel-windows-x86_64, r-patched-linux-x86_64, r-release-linux-x86_64, r-release-macos-arm64, r-release-macos-x86_64, r-release-windows-x86_64, r-oldrel-macos-arm64, r-oldrel-macos-x86_64, r-oldrel-windows-x86_64