CRAN Package Check Results for Package gridtext

Last updated on 2025-07-28 13:49:35 CEST.

Flavor Version Tinstall Tcheck Ttotal Status Flags
r-devel-linux-x86_64-debian-clang 0.1.5 24.44 36.91 61.35 NOTE
r-devel-linux-x86_64-debian-gcc 0.1.5 19.68 28.86 48.54 NOTE
r-devel-linux-x86_64-fedora-clang 0.1.5 99.06 NOTE
r-devel-linux-x86_64-fedora-gcc 0.1.5 104.93 NOTE
r-devel-windows-x86_64 0.1.5 33.00 74.00 107.00 NOTE
r-patched-linux-x86_64 0.1.5 26.04 33.88 59.92 NOTE
r-release-linux-x86_64 0.1.5 28.56 33.70 62.26 NOTE
r-release-macos-arm64 0.1.5 45.00 NOTE
r-release-macos-x86_64 0.1.5 76.00 NOTE
r-release-windows-x86_64 0.1.5 32.00 70.00 102.00 NOTE
r-oldrel-macos-arm64 0.1.5 33.00 NOTE
r-oldrel-macos-x86_64 0.1.5 40.00 NOTE
r-oldrel-windows-x86_64 0.1.5 38.00 86.00 124.00 NOTE

Check Details

Version: 0.1.5
Check: C++ specification
Result: NOTE Specified C++11: please drop specification unless essential Flavors: r-devel-linux-x86_64-debian-clang, r-devel-linux-x86_64-debian-gcc, r-devel-linux-x86_64-fedora-clang, r-devel-linux-x86_64-fedora-gcc, r-devel-windows-x86_64, r-patched-linux-x86_64, r-release-linux-x86_64, r-release-macos-arm64, r-release-macos-x86_64, r-release-windows-x86_64, r-oldrel-macos-arm64, r-oldrel-macos-x86_64, r-oldrel-windows-x86_64

Version: 0.1.5
Check: DESCRIPTION meta-information
Result: NOTE Author field differs from that derived from Authors@R Author: ‘Claus O. Wilke [aut] (<https://orcid.org/0000-0002-7470-9261>), Brenton M. Wiernik [aut, cre] (<https://orcid.org/0000-0001-9560-6336>, @bmwiernik)’ Authors@R: ‘Claus O. Wilke [aut] (ORCID: <https://orcid.org/0000-0002-7470-9261>), Brenton M. Wiernik [aut, cre] (ORCID: <https://orcid.org/0000-0001-9560-6336>, Twitter: @bmwiernik)’ Flavors: r-devel-linux-x86_64-debian-clang, r-devel-linux-x86_64-debian-gcc