Last updated on 2025-10-28 12:49:06 CET.
| Flavor | Version | Tinstall | Tcheck | Ttotal | Status | Flags |
|---|---|---|---|---|---|---|
| r-devel-linux-x86_64-debian-clang | 2.0.6 | 50.48 | 163.44 | 213.92 | OK | |
| r-devel-linux-x86_64-debian-gcc | 2.0.6 | 29.79 | 117.16 | 146.95 | OK | |
| r-devel-linux-x86_64-fedora-clang | 2.0.6 | 285.00 | 76.20 | 361.20 | OK | |
| r-devel-linux-x86_64-fedora-gcc | 2.0.6 | 237.00 | 131.53 | 368.53 | OK | |
| r-devel-windows-x86_64 | 2.0.6 | 49.00 | 160.00 | 209.00 | OK | |
| r-patched-linux-x86_64 | 2.0.6 | 47.94 | 159.07 | 207.01 | OK | |
| r-release-linux-x86_64 | 2.0.6 | 46.29 | 159.13 | 205.42 | OK | |
| r-release-macos-arm64 | 2.0.6 | 18.00 | 62.00 | 80.00 | OK | |
| r-release-macos-x86_64 | 2.0.6 | 43.00 | 127.00 | 170.00 | OK | |
| r-release-windows-x86_64 | 2.0.6 | 48.00 | 164.00 | 212.00 | OK | |
| r-oldrel-macos-arm64 | 2.0.6 | 20.00 | 74.00 | 94.00 | NOTE | |
| r-oldrel-macos-x86_64 | 2.0.6 | 40.00 | 121.00 | 161.00 | NOTE | |
| r-oldrel-windows-x86_64 | 2.0.6 | 66.00 | 212.00 | 278.00 | NOTE |
Version: 2.0.6
Check: installed package size
Result: NOTE
installed size is 5.9Mb
sub-directories of 1Mb or more:
R 2.0Mb
doc 2.8Mb
Flavors: r-oldrel-macos-arm64, r-oldrel-macos-x86_64, r-oldrel-windows-x86_64
Version: 2.0.6
Check: package dependencies
Result: NOTE
Package suggested but not available for checking: 'doMC'
Flavor: r-oldrel-windows-x86_64