Last updated on 2025-07-16 17:49:25 CEST.
Flavor | Version | Tinstall | Tcheck | Ttotal | Status | Flags |
---|---|---|---|---|---|---|
r-devel-linux-x86_64-debian-clang | 1.1 | 209.97 | 42.31 | 252.28 | OK | |
r-devel-linux-x86_64-debian-gcc | 1.1 | 135.83 | 24.44 | 160.27 | OK | |
r-devel-linux-x86_64-fedora-clang | 1.1 | 525.66 | OK | |||
r-devel-linux-x86_64-fedora-gcc | 1.1 | 389.20 | OK | |||
r-devel-windows-x86_64 | 1.1 | 238.00 | 71.00 | 309.00 | OK | |
r-patched-linux-x86_64 | 1.1 | 193.67 | 29.61 | 223.28 | OK | |
r-release-linux-x86_64 | 1.1 | 197.81 | 29.58 | 227.39 | OK | |
r-release-macos-arm64 | 1.1 | 91.00 | OK | |||
r-release-macos-x86_64 | 1.1 | 82.00 | OK | |||
r-release-windows-x86_64 | 1.1 | 240.00 | 84.00 | 324.00 | OK | |
r-oldrel-macos-arm64 | 1.1 | 82.00 | NOTE | |||
r-oldrel-macos-x86_64 | 1.1 | 105.00 | NOTE | |||
r-oldrel-windows-x86_64 | 1.1 | 284.00 | 88.00 | 372.00 | OK |
Version: 1.1
Check: installed package size
Result: NOTE
installed size is 5.9Mb
sub-directories of 1Mb or more:
libs 5.8Mb
Flavors: r-oldrel-macos-arm64, r-oldrel-macos-x86_64