Last updated on 2025-11-08 22:50:50 CET.
| Flavor | Version | Tinstall | Tcheck | Ttotal | Status | Flags |
|---|---|---|---|---|---|---|
| r-devel-linux-x86_64-debian-clang | 0.2.6 | 19.82 | 178.81 | 198.63 | OK | |
| r-devel-linux-x86_64-debian-gcc | 0.2.6 | 12.67 | 117.67 | 130.34 | OK | |
| r-devel-linux-x86_64-fedora-clang | 0.2.6 | 71.00 | 244.87 | 315.87 | OK | |
| r-devel-linux-x86_64-fedora-gcc | 0.2.6 | 122.00 | 212.54 | 334.54 | OK | |
| r-devel-windows-x86_64 | 0.2.6 | 24.00 | 186.00 | 210.00 | OK | |
| r-patched-linux-x86_64 | 0.2.6 | 18.89 | 169.56 | 188.45 | OK | |
| r-release-linux-x86_64 | 0.2.6 | 17.18 | 171.69 | 188.87 | OK | |
| r-release-macos-arm64 | 0.2.6 | 11.00 | 102.00 | 113.00 | OK | |
| r-release-macos-x86_64 | 0.2.6 | 17.00 | 123.00 | 140.00 | OK | |
| r-release-windows-x86_64 | 0.2.6 | 25.00 | 182.00 | 207.00 | OK | |
| r-oldrel-macos-arm64 | 0.2.6 | 8.00 | 70.00 | 78.00 | OK | |
| r-oldrel-macos-x86_64 | 0.2.6 | 16.00 | 142.00 | 158.00 | NOTE | |
| r-oldrel-windows-x86_64 | 0.2.6 | 37.00 | 236.00 | 273.00 | OK |
Version: 0.2.6
Check: package dependencies
Result: NOTE
Package suggested but not available for checking: ‘monocle’
Flavor: r-oldrel-macos-x86_64
Version: 0.2.6
Check: Rd cross-references
Result: NOTE
Package unavailable to check Rd xrefs: ‘monocle’
Flavor: r-oldrel-macos-x86_64