Last updated on 2025-07-25 19:49:44 CEST.
Flavor | Version | Tinstall | Tcheck | Ttotal | Status | Flags |
---|---|---|---|---|---|---|
r-devel-linux-x86_64-debian-clang | 0.2.6 | 17.99 | 170.76 | 188.75 | OK | |
r-devel-linux-x86_64-debian-gcc | 0.2.6 | 11.95 | 111.49 | 123.44 | OK | |
r-devel-linux-x86_64-fedora-clang | 0.2.6 | 300.06 | OK | |||
r-devel-linux-x86_64-fedora-gcc | 0.2.6 | 300.50 | OK | |||
r-devel-windows-x86_64 | 0.2.6 | 25.00 | 176.00 | 201.00 | OK | |
r-patched-linux-x86_64 | 0.2.6 | 21.61 | 157.96 | 179.57 | OK | |
r-release-linux-x86_64 | 0.2.6 | 17.49 | 155.10 | 172.59 | OK | |
r-release-macos-arm64 | 0.2.6 | 113.00 | OK | |||
r-release-macos-x86_64 | 0.2.6 | 140.00 | OK | |||
r-release-windows-x86_64 | 0.2.6 | 23.00 | 174.00 | 197.00 | OK | |
r-oldrel-macos-arm64 | 0.2.6 | 78.00 | OK | |||
r-oldrel-macos-x86_64 | 0.2.6 | 158.00 | NOTE | |||
r-oldrel-windows-x86_64 | 0.2.6 | 29.00 | 220.00 | 249.00 | OK |
Version: 0.2.6
Check: package dependencies
Result: NOTE
Package suggested but not available for checking: ‘monocle’
Flavor: r-oldrel-macos-x86_64
Version: 0.2.6
Check: Rd cross-references
Result: NOTE
Package unavailable to check Rd xrefs: ‘monocle’
Flavor: r-oldrel-macos-x86_64