Last updated on 2025-11-02 15:49:52 CET.
| Flavor | Version | Tinstall | Tcheck | Ttotal | Status | Flags |
|---|---|---|---|---|---|---|
| r-devel-linux-x86_64-debian-clang | 1.0.5 | 7.35 | 79.44 | 86.79 | NOTE | |
| r-devel-linux-x86_64-debian-gcc | 1.0.5 | 5.31 | 62.07 | 67.38 | NOTE | |
| r-devel-linux-x86_64-fedora-clang | 1.0.5 | 36.00 | 100.75 | 136.75 | OK | |
| r-devel-linux-x86_64-fedora-gcc | 1.0.5 | 16.00 | 149.42 | 165.42 | OK | |
| r-devel-windows-x86_64 | 1.0.5 | 10.00 | 112.00 | 122.00 | OK | |
| r-patched-linux-x86_64 | 1.0.5 | 6.84 | 75.10 | 81.94 | OK | |
| r-release-linux-x86_64 | 1.0.5 | 6.42 | 75.36 | 81.78 | OK | |
| r-release-macos-arm64 | 1.0.5 | 4.00 | 85.00 | 89.00 | OK | |
| r-release-macos-x86_64 | 1.0.5 | 7.00 | 128.00 | 135.00 | OK | |
| r-release-windows-x86_64 | 1.0.5 | 10.00 | 108.00 | 118.00 | OK | |
| r-oldrel-macos-arm64 | 1.0.5 | 3.00 | 66.00 | 69.00 | OK | |
| r-oldrel-macos-x86_64 | 1.0.5 | 7.00 | 114.00 | 121.00 | OK | |
| r-oldrel-windows-x86_64 | 1.0.5 | 12.00 | 134.00 | 146.00 | OK |
Version: 1.0.5
Check: DESCRIPTION meta-information
Result: NOTE
Author field differs from that derived from Authors@R
Author: ‘Mark Padgham [aut, cre] (<https://orcid.org/0000-0003-2172-5265>), Ascent Digital Services UK Limited [cph] (MangoTheCat), Karina Marks [aut] (KarinaMarks), Daniel de Bortoli [aut] (ddbortoli), Gabor Csardi [aut], Hannah Frick [aut], Owen Jones [aut] (owenjonesuob), Hannah Alexander [aut], Ana Simmons [ctb] (anasimmons), Fabian Scheipl [ctb] (fabian-s)’
Authors@R: ‘Mark Padgham [aut, cre] (ORCID: <https://orcid.org/0000-0003-2172-5265>), Ascent Digital Services UK Limited [cph] (GitHub: MangoTheCat), Karina Marks [aut] (GitHub: KarinaMarks), Daniel de Bortoli [aut] (GitHub: ddbortoli), Gabor Csardi [aut], Hannah Frick [aut], Owen Jones [aut] (GitHub: owenjonesuob), Hannah Alexander [aut], Ana Simmons [ctb] (GitHub: anasimmons), Fabian Scheipl [ctb] (GitHub: fabian-s)’
Flavors: r-devel-linux-x86_64-debian-clang, r-devel-linux-x86_64-debian-gcc