Last updated on 2025-10-31 14:49:43 CET.
| Flavor | Version | Tinstall | Tcheck | Ttotal | Status | Flags | 
|---|---|---|---|---|---|---|
| r-devel-linux-x86_64-debian-clang | 1.1.2 | 2.22 | 30.78 | 33.00 | NOTE | |
| r-devel-linux-x86_64-debian-gcc | 1.1.2 | 2.11 | 23.62 | 25.73 | NOTE | |
| r-devel-linux-x86_64-fedora-clang | 1.1.2 | 15.00 | 34.26 | 49.26 | NOTE | |
| r-devel-linux-x86_64-fedora-gcc | 1.1.2 | 45.67 | NOTE | |||
| r-devel-windows-x86_64 | 1.1.2 | 5.00 | 56.00 | 61.00 | NOTE | |
| r-patched-linux-x86_64 | 1.1.2 | 3.00 | 28.85 | 31.85 | NOTE | |
| r-release-linux-x86_64 | 1.1.2 | 2.86 | 28.32 | 31.18 | NOTE | |
| r-release-macos-arm64 | 1.1.2 | 1.00 | 20.00 | 21.00 | NOTE | |
| r-release-macos-x86_64 | 1.1.2 | 2.00 | 32.00 | 34.00 | NOTE | |
| r-release-windows-x86_64 | 1.1.2 | 4.00 | 50.00 | 54.00 | NOTE | |
| r-oldrel-macos-arm64 | 1.1.2 | 1.00 | 20.00 | 21.00 | NOTE | |
| r-oldrel-macos-x86_64 | 1.1.2 | 2.00 | 26.00 | 28.00 | NOTE | |
| r-oldrel-windows-x86_64 | 1.1.2 | 5.00 | 58.00 | 63.00 | NOTE | 
Version: 1.1.2
Check: Rd files
Result: NOTE
  checkRd: (-1) gnrflex.Rd:31: Lost braces in \itemize; \value handles \item{}{} directly
  checkRd: (-1) gnrflex.Rd:32: Lost braces in \itemize; \value handles \item{}{} directly
  checkRd: (-1) gnrflex.Rd:33: Lost braces in \itemize; \value handles \item{}{} directly
  checkRd: (-1) gnrflex.Rd:34: Lost braces in \itemize; \value handles \item{}{} directly
  checkRd: (-1) gnrflex.Rd:35: Lost braces in \itemize; \value handles \item{}{} directly
  checkRd: (-1) gnrflex.Rd:36: Lost braces in \itemize; \value handles \item{}{} directly
  checkRd: (-1) gnrflex.Rd:41: Lost braces in \itemize; \value handles \item{}{} directly
  checkRd: (-1) gnrflex.Rd:42: Lost braces in \itemize; \value handles \item{}{} directly
  checkRd: (-1) gnrflex.Rd:43: Lost braces in \itemize; \value handles \item{}{} directly
  checkRd: (-1) gnrflex.Rd:44: Lost braces in \itemize; \value handles \item{}{} directly
  checkRd: (-1) gnrflex.Rd:45: Lost braces in \itemize; \value handles \item{}{} directly
  checkRd: (-1) gnrflex.Rd:46: Lost braces in \itemize; \value handles \item{}{} directly
  checkRd: (-1) gnrflex.Rd:47: Lost braces in \itemize; \value handles \item{}{} directly
  checkRd: (-1) gnrflex.Rd:48: Lost braces in \itemize; \value handles \item{}{} directly
  checkRd: (-1) gnrflex.Rd:49: Lost braces in \itemize; \value handles \item{}{} directly
  checkRd: (-1) gnrprod.Rd:47: Lost braces in \itemize; \value handles \item{}{} directly
  checkRd: (-1) gnrprod.Rd:48: Lost braces in \itemize; \value handles \item{}{} directly
  checkRd: (-1) gnrprod.Rd:49: Lost braces in \itemize; \value handles \item{}{} directly
  checkRd: (-1) gnrprod.Rd:50: Lost braces in \itemize; \value handles \item{}{} directly
  checkRd: (-1) gnrprod.Rd:51: Lost braces in \itemize; \value handles \item{}{} directly
  checkRd: (-1) gnrprod.Rd:56: Lost braces in \itemize; \value handles \item{}{} directly
  checkRd: (-1) gnrprod.Rd:57: Lost braces in \itemize; \value handles \item{}{} directly
  checkRd: (-1) gnrprod.Rd:58: Lost braces in \itemize; \value handles \item{}{} directly
  checkRd: (-1) gnrprod.Rd:59: Lost braces in \itemize; \value handles \item{}{} directly
  checkRd: (-1) gnrprod.Rd:60: Lost braces in \itemize; \value handles \item{}{} directly
  checkRd: (-1) summary.gnr.Rd:17: Lost braces in \itemize; \value handles \item{}{} directly
  checkRd: (-1) summary.gnr.Rd:18: Lost braces in \itemize; \value handles \item{}{} directly
  checkRd: (-1) summary.gnr.Rd:19: Lost braces in \itemize; \value handles \item{}{} directly
  checkRd: (-1) summary.gnr.Rd:20: Lost braces in \itemize; \value handles \item{}{} directly
  checkRd: (-1) summary.gnr.Rd:21: Lost braces in \itemize; \value handles \item{}{} directly
  checkRd: (-1) summary.gnr.Rd:22: Lost braces in \itemize; \value handles \item{}{} directly
  checkRd: (-1) summary.gnr.Rd:23: Lost braces in \itemize; \value handles \item{}{} directly
  checkRd: (-1) summary.gnr.Rd:24: Lost braces in \itemize; \value handles \item{}{} directly
  checkRd: (-1) summary.gnr.Rd:25: Lost braces in \itemize; \value handles \item{}{} directly
  checkRd: (-1) summary.gnr.Rd:26: Lost braces in \itemize; \value handles \item{}{} directly
  checkRd: (-1) summary.gnr.Rd:27: Lost braces in \itemize; \value handles \item{}{} directly
  checkRd: (-1) summary.gnr.Rd:28: Lost braces in \itemize; \value handles \item{}{} directly
  checkRd: (-1) summary.gnr.Rd:29: Lost braces in \itemize; \value handles \item{}{} directly
  checkRd: (-1) summary.gnr.Rd:30: Lost braces in \itemize; \value handles \item{}{} directly
Flavors: r-devel-linux-x86_64-debian-clang, r-devel-linux-x86_64-debian-gcc, r-devel-linux-x86_64-fedora-clang, r-devel-linux-x86_64-fedora-gcc, r-devel-windows-x86_64, r-patched-linux-x86_64, r-release-linux-x86_64, r-release-macos-arm64, r-release-macos-x86_64, r-release-windows-x86_64, r-oldrel-macos-arm64, r-oldrel-macos-x86_64, r-oldrel-windows-x86_64