Last updated on 2025-11-04 09:49:59 CET.
| Flavor | Version | Tinstall | Tcheck | Ttotal | Status | Flags | 
|---|---|---|---|---|---|---|
| r-devel-linux-x86_64-debian-clang | 0.2.0 | 6.21 | 55.00 | 61.21 | NOTE | |
| r-devel-linux-x86_64-debian-gcc | 0.2.0 | 4.63 | 41.26 | 45.89 | NOTE | |
| r-devel-linux-x86_64-fedora-clang | 0.2.0 | 35.00 | 60.84 | 95.84 | OK | |
| r-devel-linux-x86_64-fedora-gcc | 0.2.0 | 14.00 | 72.08 | 86.08 | OK | |
| r-devel-windows-x86_64 | 0.2.0 | 8.00 | 68.00 | 76.00 | OK | |
| r-patched-linux-x86_64 | 0.2.0 | 5.72 | 53.42 | 59.14 | OK | |
| r-release-linux-x86_64 | 0.2.0 | 6.33 | 52.46 | 58.79 | OK | |
| r-release-macos-arm64 | 0.2.0 | 5.00 | 32.00 | 37.00 | OK | |
| r-release-macos-x86_64 | 0.2.0 | 5.00 | 49.00 | 54.00 | OK | |
| r-release-windows-x86_64 | 0.2.0 | 8.00 | 68.00 | 76.00 | OK | |
| r-oldrel-macos-arm64 | 0.2.0 | 3.00 | 27.00 | 30.00 | NOTE | |
| r-oldrel-macos-x86_64 | 0.2.0 | 5.00 | 42.00 | 47.00 | NOTE | |
| r-oldrel-windows-x86_64 | 0.2.0 | 9.00 | 80.00 | 89.00 | NOTE | 
Version: 0.2.0
Check: CRAN incoming feasibility
Result: NOTE
  Maintainer: ‘Ali Saeb <ali.saeb@gmail.com>’
  
  No Authors@R field in DESCRIPTION.
  Please add one, modifying
    Authors@R: person(given = "Ali",
                      family = "Saeb",
                      role = c("aut", "cre"),
                      email = "ali.saeb@gmail.com")
  as necessary.
Flavors: r-devel-linux-x86_64-debian-clang, r-devel-linux-x86_64-debian-gcc
Version: 0.2.0
Check: LazyData
Result: NOTE
    'LazyData' is specified without a 'data' directory
Flavors: r-oldrel-macos-arm64, r-oldrel-macos-x86_64, r-oldrel-windows-x86_64