Last updated on 2025-11-18 14:52:39 CET.
| Flavor | Version | Tinstall | Tcheck | Ttotal | Status | Flags |
|---|---|---|---|---|---|---|
| r-devel-linux-x86_64-debian-clang | 1.0.4 | 11.83 | 26.64 | 38.47 | OK | |
| r-devel-linux-x86_64-debian-gcc | 1.0.4 | 10.89 | 21.37 | 32.26 | OK | |
| r-devel-linux-x86_64-fedora-clang | 1.0.4 | 24.00 | 35.84 | 59.84 | OK | |
| r-devel-linux-x86_64-fedora-gcc | 1.0.4 | 34.00 | 30.33 | 64.33 | OK | |
| r-devel-windows-x86_64 | 1.0.4 | 19.00 | 61.00 | 80.00 | OK | |
| r-patched-linux-x86_64 | 1.0.4 | 14.17 | 25.42 | 39.59 | OK | |
| r-release-linux-x86_64 | 1.0.4 | 14.47 | 25.06 | 39.53 | OK | |
| r-release-macos-arm64 | 1.0.4 | 6.00 | 18.00 | 24.00 | OK | |
| r-release-macos-x86_64 | 1.0.4 | 14.00 | 32.00 | 46.00 | OK | |
| r-release-windows-x86_64 | 1.0.4 | 15.00 | 60.00 | 75.00 | OK | |
| r-oldrel-macos-arm64 | 1.0.4 | 6.00 | 17.00 | 23.00 | NOTE | |
| r-oldrel-macos-x86_64 | 1.0.4 | 7.00 | 24.00 | 31.00 | NOTE | |
| r-oldrel-windows-x86_64 | 1.0.4 | 18.00 | 74.00 | 92.00 | NOTE |
Version: 1.0.4
Check: LazyData
Result: NOTE
'LazyData' is specified without a 'data' directory
Flavors: r-oldrel-macos-arm64, r-oldrel-macos-x86_64, r-oldrel-windows-x86_64