Last updated on 2025-07-16 17:49:25 CEST.
Flavor | Version | Tinstall | Tcheck | Ttotal | Status | Flags |
---|---|---|---|---|---|---|
r-devel-linux-x86_64-debian-clang | 2.0.5 | 434.31 | 345.11 | 779.42 | OK | |
r-devel-linux-x86_64-debian-gcc | 2.0.5 | 390.93 | 258.98 | 649.91 | OK | |
r-devel-linux-x86_64-fedora-clang | 2.0.5 | 1859.08 | OK | |||
r-devel-linux-x86_64-fedora-gcc | 2.0.5 | 1543.93 | OK | |||
r-devel-windows-x86_64 | 2.0.5 | 408.00 | 460.00 | 868.00 | OK | |
r-patched-linux-x86_64 | 2.0.2 | 494.93 | 395.44 | 890.37 | OK | |
r-release-linux-x86_64 | 2.0.2 | 485.96 | 389.78 | 875.74 | OK | |
r-release-macos-arm64 | 2.0.2 | 327.00 | OK | |||
r-release-macos-x86_64 | 2.0.5 | 689.00 | OK | |||
r-release-windows-x86_64 | 2.0.5 | 312.00 | 403.00 | 715.00 | OK | |
r-oldrel-macos-arm64 | 2.0.2 | 418.00 | NOTE | |||
r-oldrel-macos-x86_64 | 2.0.5 | 684.00 | NOTE | |||
r-oldrel-windows-x86_64 | 2.0.5 | 362.00 | 495.00 | 857.00 | NOTE |
Version: 2.0.2
Check: installed package size
Result: NOTE
installed size is 212.2Mb
sub-directories of 1Mb or more:
doc 1.9Mb
libs 209.0Mb
Flavor: r-oldrel-macos-arm64
Version: 2.0.5
Check: installed package size
Result: NOTE
installed size is 213.8Mb
sub-directories of 1Mb or more:
doc 1.8Mb
libs 210.6Mb
Flavors: r-oldrel-macos-x86_64, r-oldrel-windows-x86_64