Last updated on 2025-10-31 20:48:40 CET.
| Flavor | Version | Tinstall | Tcheck | Ttotal | Status | Flags | 
|---|---|---|---|---|---|---|
| r-devel-linux-x86_64-debian-clang | 3.0.1 | 75.96 | 31.06 | 107.02 | WARN | |
| r-devel-linux-x86_64-debian-gcc | 3.0.1 | 91.97 | 24.02 | 115.99 | WARN | |
| r-devel-linux-x86_64-fedora-clang | 3.0.1 | 167.00 | 0.07 | 167.07 | NOTE | |
| r-devel-linux-x86_64-fedora-gcc | 3.0.1 | 257.00 | -23.65 | 233.35 | NOTE | |
| r-devel-windows-x86_64 | 3.0.1 | 261.00 | 68.00 | 329.00 | NOTE | |
| r-patched-linux-x86_64 | 3.0.1 | 226.57 | 29.85 | 256.42 | NOTE | |
| r-release-linux-x86_64 | 3.0.1 | 231.41 | 29.68 | 261.09 | NOTE | |
| r-release-macos-arm64 | 3.0.1 | 36.00 | 20.00 | 56.00 | NOTE | |
| r-release-macos-x86_64 | 3.0.1 | 97.00 | 35.00 | 132.00 | NOTE | |
| r-release-windows-x86_64 | 3.0.1 | 259.00 | 71.00 | 330.00 | NOTE | |
| r-oldrel-macos-arm64 | 3.0.1 | 34.00 | 18.00 | 52.00 | NOTE | |
| r-oldrel-macos-x86_64 | 3.0.1 | 78.00 | 26.00 | 104.00 | NOTE | |
| r-oldrel-windows-x86_64 | 3.0.1 | 423.00 | 85.00 | 508.00 | NOTE | 
Version: 3.0.1
Check: CRAN incoming feasibility
Result: NOTE
  Maintainer: ‘Adam Lund <adam.lund@math.ku.dk>’
  
  No Authors@R field in DESCRIPTION.
  Please add one, modifying
    Authors@R: person(given = "Adam",
                      family = "Lund",
                      role = c("aut", "cre"),
                      email = "adam.lund@math.ku.dk")
  as necessary.
Flavors: r-devel-linux-x86_64-debian-clang, r-devel-linux-x86_64-debian-gcc
Version: 3.0.1
Check: whether package can be installed
Result: WARN
  Found the following significant warnings:
    /home/hornik/tmp/R.check/r-devel-clang/Work/build/Packages/RcppArmadillo/include/RcppArmadillo/version/arma.h:66:17: warning: Using fallback compilation with Armadillo 14.6.3. Please consider defining -DARMA_USE_CURRENT and also removing C++11 compilation directive. See GitHub issue #475 for more. [-W#pragma-messages]
  See ‘/home/hornik/tmp/R.check/r-devel-clang/Work/PKGS/glamlasso.Rcheck/00install.out’ for details.
  * used C compiler: ‘Debian clang version 19.1.7 (7)’
  * used C++ compiler: ‘Debian clang version 19.1.7 (7)’
Flavor: r-devel-linux-x86_64-debian-clang
Version: 3.0.1
Check: C++ specification
Result: NOTE
    Specified C++11: please drop specification unless essential
Flavors: r-devel-linux-x86_64-debian-clang, r-devel-linux-x86_64-debian-gcc, r-devel-linux-x86_64-fedora-clang, r-devel-linux-x86_64-fedora-gcc, r-devel-windows-x86_64, r-patched-linux-x86_64, r-release-linux-x86_64, r-release-macos-arm64, r-release-macos-x86_64, r-release-windows-x86_64, r-oldrel-macos-arm64, r-oldrel-macos-x86_64, r-oldrel-windows-x86_64
Version: 3.0.1
Check: whether package can be installed
Result: WARN
  Found the following significant warnings:
    /home/hornik/tmp/R.check/r-devel-gcc/Work/build/Packages/RcppArmadillo/include/RcppArmadillo/version/arma.h:66:199: note: ‘#pragma message: Using fallback compilation with Armadillo 14.6.3. Please consider defining -DARMA_USE_CURRENT and also removing C++11 compilation directive. See GitHub issue #475 for more.’
  See ‘/home/hornik/tmp/R.check/r-devel-gcc/Work/PKGS/glamlasso.Rcheck/00install.out’ for details.
  * used C compiler: ‘gcc-15 (Debian 15.2.0-4) 15.2.0’
  * used C++ compiler: ‘g++-15 (Debian 15.2.0-4) 15.2.0’
Flavor: r-devel-linux-x86_64-debian-gcc
Version: 3.0.1
Check: installed package size
Result: NOTE
    installed size is  9.9Mb
    sub-directories of 1Mb or more:
      libs   9.8Mb
Flavors: r-oldrel-macos-arm64, r-oldrel-macos-x86_64