Last updated on 2025-10-22 17:49:39 CEST.
Flavor | Version | Tinstall | Tcheck | Ttotal | Status | Flags |
---|---|---|---|---|---|---|
r-devel-linux-x86_64-debian-clang | 0.1.0 | 2.08 | 28.97 | 31.05 | NOTE | |
r-devel-linux-x86_64-debian-gcc | 0.1.0 | 1.69 | 23.01 | 24.70 | NOTE | |
r-devel-linux-x86_64-fedora-clang | 0.1.0 | 46.33 | OK | |||
r-devel-linux-x86_64-fedora-gcc | 0.1.0 | 56.90 | OK | |||
r-devel-windows-x86_64 | 0.1.0 | 4.00 | 50.00 | 54.00 | OK | |
r-patched-linux-x86_64 | 0.1.0 | 2.63 | 26.32 | 28.95 | OK | |
r-release-linux-x86_64 | 0.1.0 | 2.23 | 25.79 | 28.02 | OK | |
r-release-macos-arm64 | 0.1.0 | 1.00 | 61.00 | 62.00 | OK | |
r-release-macos-x86_64 | 0.1.0 | 2.00 | 81.00 | 83.00 | OK | |
r-release-windows-x86_64 | 0.1.0 | 3.00 | 51.00 | 54.00 | OK | |
r-oldrel-macos-arm64 | 0.1.0 | 1.00 | 53.00 | 54.00 | OK | |
r-oldrel-macos-x86_64 | 0.1.0 | 2.00 | 86.00 | 88.00 | OK | |
r-oldrel-windows-x86_64 | 0.1.0 | 5.00 | 55.00 | 60.00 | OK |
Version: 0.1.0
Check: HTML version of manual
Result: NOTE
Found the following HTML validation problems:
params.html:57:1 (params.Rd:18): Warning: missing </ul> before </div>
Flavors: r-devel-linux-x86_64-debian-clang, r-devel-linux-x86_64-debian-gcc