Last updated on 2025-11-23 03:48:45 CET.
| Flavor | Version | Tinstall | Tcheck | Ttotal | Status | Flags |
|---|---|---|---|---|---|---|
| r-devel-linux-x86_64-debian-clang | 0.8.0 | 2.88 | 54.00 | 56.88 | NOTE | |
| r-devel-linux-x86_64-debian-gcc | 0.8.0 | 2.27 | 43.56 | 45.83 | NOTE | |
| r-devel-linux-x86_64-fedora-clang | 0.8.0 | 80.85 | OK | |||
| r-devel-linux-x86_64-fedora-gcc | 0.8.0 | 93.01 | OK | |||
| r-devel-windows-x86_64 | 0.8.0 | 8.00 | 177.00 | 185.00 | OK | |
| r-patched-linux-x86_64 | 0.8.0 | 3.35 | 51.13 | 54.48 | OK | |
| r-release-linux-x86_64 | 0.8.0 | 3.14 | 51.23 | 54.37 | OK | |
| r-release-macos-arm64 | 0.8.0 | OK | ||||
| r-release-macos-x86_64 | 0.8.0 | 3.00 | 71.00 | 74.00 | OK | |
| r-release-windows-x86_64 | 0.8.0 | 4.00 | 169.00 | 173.00 | OK | |
| r-oldrel-macos-arm64 | 0.8.0 | NOTE | ||||
| r-oldrel-macos-x86_64 | 0.8.0 | 2.00 | 63.00 | 65.00 | NOTE | |
| r-oldrel-windows-x86_64 | 0.8.0 | 6.00 | 207.00 | 213.00 | NOTE |
Version: 0.8.0
Check: CRAN incoming feasibility
Result: NOTE
Maintainer: ‘John Muschelli <muschellij2@gmail.com>’
No Authors@R field in DESCRIPTION.
Please add one, modifying
Authors@R: person(given = "John",
family = "Muschelli",
role = c("aut", "cre"),
email = "muschellij2@gmail.com")
as necessary.
Flavors: r-devel-linux-x86_64-debian-clang, r-devel-linux-x86_64-debian-gcc
Version: 0.8.0
Check: LazyData
Result: NOTE
'LazyData' is specified without a 'data' directory
Flavors: r-oldrel-macos-arm64, r-oldrel-macos-x86_64, r-oldrel-windows-x86_64