CRAN Package Check Results for Package ggcorrplot

Last updated on 2025-10-22 11:51:09 CEST.

Flavor Version Tinstall Tcheck Ttotal Status Flags
r-devel-linux-x86_64-debian-clang 0.1.4.1 4.21 59.99 64.20 NOTE
r-devel-linux-x86_64-debian-gcc 0.1.4.1 4.11 44.76 48.87 NOTE
r-devel-linux-x86_64-fedora-clang 0.1.4.1 14.00 80.37 94.37 OK
r-devel-linux-x86_64-fedora-gcc 0.1.4.1 89.31 OK
r-devel-windows-x86_64 0.1.4.1 7.00 66.00 73.00 OK
r-patched-linux-x86_64 0.1.4.1 4.71 54.41 59.12 OK
r-release-linux-x86_64 0.1.4.1 4.34 54.38 58.72 OK
r-release-macos-arm64 0.1.4.1 2.00 25.00 27.00 OK
r-release-macos-x86_64 0.1.4.1 5.00 40.00 45.00 OK
r-release-windows-x86_64 0.1.4.1 7.00 68.00 75.00 OK
r-oldrel-macos-arm64 0.1.4.1 2.00 22.00 24.00 OK
r-oldrel-macos-x86_64 0.1.4.1 3.00 32.00 35.00 OK
r-oldrel-windows-x86_64 0.1.4.1 9.00 87.00 96.00 OK

Check Details

Version: 0.1.4.1
Check: DESCRIPTION meta-information
Result: NOTE Author field differs from that derived from Authors@R Author: ‘Alboukadel Kassambara [aut, cre], Indrajeet Patil [ctb] (<https://orcid.org/0000-0003-1995-6531>, @patilindrajeets)’ Authors@R: ‘Alboukadel Kassambara [aut, cre], Indrajeet Patil [ctb] (ORCID: <https://orcid.org/0000-0003-1995-6531>, Twitter: @patilindrajeets)’ Flavors: r-devel-linux-x86_64-debian-clang, r-devel-linux-x86_64-debian-gcc