CRAN Package Check Results for Package ggbuildr

Last updated on 2025-07-24 06:49:27 CEST.

Flavor Version Tinstall Tcheck Ttotal Status Flags
r-devel-linux-x86_64-debian-clang 0.1.0 4.52 48.79 53.31 NOTE
r-devel-linux-x86_64-debian-gcc 0.1.0 3.49 36.67 40.16 NOTE
r-devel-linux-x86_64-fedora-clang 0.1.0 79.13 OK
r-devel-linux-x86_64-fedora-gcc 0.1.0 73.44 OK
r-devel-windows-x86_64 0.1.0 5.00 67.00 72.00 OK
r-patched-linux-x86_64 0.1.0 4.00 44.31 48.31 OK
r-release-linux-x86_64 0.1.0 4.60 44.44 49.04 OK
r-release-macos-arm64 0.1.0 31.00 OK
r-release-macos-x86_64 0.1.0 44.00 OK
r-release-windows-x86_64 0.1.0 7.00 70.00 77.00 OK
r-oldrel-macos-arm64 0.1.0 26.00 NOTE
r-oldrel-macos-x86_64 0.1.0 37.00 NOTE
r-oldrel-windows-x86_64 0.1.0 8.00 80.00 88.00 NOTE

Check Details

Version: 0.1.0
Check: CRAN incoming feasibility
Result: NOTE Maintainer: ‘Jongbin Jung <me@jongbin.com>’ No Authors@R field in DESCRIPTION. Please add one, modifying Authors@R: person(given = "Jongbin", family = "Jung", role = c("aut", "cre"), email = "me@jongbin.com") as necessary. Flavors: r-devel-linux-x86_64-debian-clang, r-devel-linux-x86_64-debian-gcc

Version: 0.1.0
Check: LazyData
Result: NOTE 'LazyData' is specified without a 'data' directory Flavors: r-oldrel-macos-arm64, r-oldrel-macos-x86_64, r-oldrel-windows-x86_64