Last updated on 2025-11-15 00:50:20 CET.
| Flavor | Version | Tinstall | Tcheck | Ttotal | Status | Flags |
|---|---|---|---|---|---|---|
| r-devel-linux-x86_64-debian-clang | 0.1.1 | 4.86 | 66.71 | 71.57 | NOTE | |
| r-devel-linux-x86_64-debian-gcc | 0.1.1 | 4.24 | 48.23 | 52.47 | NOTE | |
| r-devel-linux-x86_64-fedora-clang | 0.1.1 | 24.00 | 90.39 | 114.39 | NOTE | |
| r-devel-linux-x86_64-fedora-gcc | 0.1.1 | 11.00 | 91.54 | 102.54 | NOTE | |
| r-devel-windows-x86_64 | 0.1.1 | 9.00 | 73.00 | 82.00 | NOTE | |
| r-patched-linux-x86_64 | 0.1.1 | 5.21 | 62.13 | 67.34 | OK | |
| r-release-linux-x86_64 | 0.1.1 | 4.12 | 61.00 | 65.12 | OK | |
| r-release-macos-arm64 | 0.1.1 | 3.00 | 31.00 | 34.00 | OK | |
| r-release-macos-x86_64 | 0.1.1 | 4.00 | 43.00 | 47.00 | OK | |
| r-release-windows-x86_64 | 0.1.1 | 8.00 | 73.00 | 81.00 | OK | |
| r-oldrel-macos-arm64 | 0.1.1 | 2.00 | 25.00 | 27.00 | OK | |
| r-oldrel-macos-x86_64 | 0.1.1 | 4.00 | 39.00 | 43.00 | OK | |
| r-oldrel-windows-x86_64 | 0.1.1 | 10.00 | 90.00 | 100.00 | OK |
Version: 0.1.1
Check: Rd files
Result: NOTE
checkRd: (-1) geom_cloud.Rd:41: height/width attributes should be in pixels
Flavors: r-devel-linux-x86_64-debian-clang, r-devel-linux-x86_64-debian-gcc, r-devel-linux-x86_64-fedora-clang, r-devel-linux-x86_64-fedora-gcc, r-devel-windows-x86_64