Last updated on 2025-11-28 18:48:43 CET.
| Flavor | Version | Tinstall | Tcheck | Ttotal | Status | Flags |
|---|---|---|---|---|---|---|
| r-devel-linux-x86_64-debian-clang | 1.3.2 | 16.34 | 1421.23 | 1437.57 | OK | |
| r-devel-linux-x86_64-debian-gcc | 1.3.2 | 12.25 | 954.19 | 966.44 | OK | |
| r-devel-linux-x86_64-fedora-clang | 1.3.2 | 43.00 | -42.70 | 0.30 | ERROR | |
| r-devel-linux-x86_64-fedora-gcc | 1.3.2 | 39.00 | 1302.63 | 1341.63 | OK | |
| r-devel-windows-x86_64 | 1.3.2 | 23.00 | 984.00 | 1007.00 | OK | |
| r-patched-linux-x86_64 | 1.3.2 | 18.58 | 1339.89 | 1358.47 | OK | |
| r-release-linux-x86_64 | 1.3.2 | 11.82 | 1325.77 | 1337.59 | OK | |
| r-release-macos-arm64 | 1.3.2 | OK | ||||
| r-release-macos-x86_64 | 1.3.2 | 17.00 | 657.00 | 674.00 | OK | |
| r-release-windows-x86_64 | 1.3.2 | 20.00 | 977.00 | 997.00 | OK | |
| r-oldrel-macos-arm64 | 1.3.2 | NOTE | ||||
| r-oldrel-macos-x86_64 | 1.3.2 | 15.00 | 579.00 | 594.00 | NOTE | |
| r-oldrel-windows-x86_64 | 1.3.2 | 27.00 | 1259.00 | 1286.00 | NOTE |
Version: 1.3.2
Check: tests
Result: ERROR
Running ‘testthat.R’ [21m/24m]
Running the tests in ‘tests/testthat.R’ failed.
Complete output:
> library(testthat)
> library(ggPMX)
> library(data.table)
> setDTthreads(1)
> test_check("ggPMX")
Attaching package: 'dplyr'
The following objects are masked from 'package:data.table':
between, first, last
The following objects are masked from 'package:stats':
filter, lag
The following objects are masked from 'package:base':
intersect, setdiff, setequal, union
convergence of SAEM parameter estimates file does not exist.
convergence of SAEM parameter estimates file does not exist.
convergence of SAEM parameter estimates file does not exist.
Error in loadNamespace(x) : there is no package called 'qs'
Saving _problems/test-pmx-all-plots-134.R
convergence of SAEM parameter estimates file does not exist.
convergence of SAEM parameter estimates file does not exist.
convergence of SAEM parameter estimates file does not exist.
convergence of SAEM parameter estimates file does not exist.
convergence of SAEM parameter estimates file does not exist.
convergence of SAEM parameter estimates file does not exist.
Error in loadNamespace(x) : there is no package called 'qs'
Error in loadNamespace(x) : there is no package called 'qs'
Saving _problems/test-pmx_nlmixr-28.R
convergence of SAEM parameter estimates file does not exist.
convergence of SAEM parameter estimates file does not exist.
convergence of SAEM parameter estimates file does not exist.
[ FAIL 3 | WARN 0 | SKIP 15 | PASS 988 ]
══ Skipped tests (15) ══════════════════════════════════════════════════════════
• On CRAN (12): 'test-nlmixr.R:3:5', 'test-nlmixr.R:43:5',
'test-nlmixr.R:117:5', 'test-nonmem_reader.R:115:13',
'test-pmx-report.R:68:7', 'test-pmx-report.R:79:7', 'test-pmx-report.R:98:7',
'test-pmx-report.R:117:7', 'test-pmx-report.R:157:7',
'test-pmx-report.R:174:7', 'test-utils.R:107:5', 'test-vdiff.R:6:5'
• empty test (1): 'test-nonmem_reader.R:98:3'
• file.exists(test_path("censoring1_project.zip")) is not TRUE (1):
'test-simBlq-npde.R:1:1'
• skipping ChartsData export warning test (1): 'test-utils.R:89:5'
══ Failed tests ════════════════════════════════════════════════════════════════
── Error ('test-pmx-all-plots.R:132:7'): pmx_plot_generic with nlmixr controller: params: ctr, pname result: identical inherits, names ──
Error: there is no package called 'qs'
Backtrace:
▆
1. ├─nlmixr2est::nlmixr(...) at test-pmx-all-plots.R:132:7
2. └─nlmixr2est:::nlmixr2.function(...)
3. └─nlmixr2est:::nlmixr2Est0(.env)
── Error ('test-pmx-report.R:205:7'): (code run outside of `test_that()`) ──────
Error: there is no package called 'qs'
Backtrace:
▆
1. ├─withr::with_tempdir(...) at test-pmx-report.R:2:3
2. │ └─withr::with_dir(tmp, code)
3. │ └─base::force(code)
4. ├─nlmixr2est::nlmixr(...) at test-pmx-report.R:205:7
5. └─nlmixr2est:::nlmixr2.function(...)
6. └─nlmixr2est:::nlmixr2Est0(.env)
── Error ('test-pmx_nlmixr.R:26:3'): (code run outside of `test_that()`) ───────
Error: there is no package called 'qs'
Backtrace:
▆
1. ├─nlmixr2est::nlmixr(...) at test-pmx_nlmixr.R:26:3
2. └─nlmixr2est:::nlmixr2.function(...)
3. └─nlmixr2est:::nlmixr2Est0(.env)
[ FAIL 3 | WARN 0 | SKIP 15 | PASS 988 ]
Error:
! Test failures.
Execution halted
Flavor: r-devel-linux-x86_64-fedora-clang
Version: 1.3.2
Check: package dependencies
Result: NOTE
Package suggested but not available for checking: ‘lixoftConnectors’
Flavors: r-oldrel-macos-arm64, r-oldrel-macos-x86_64, r-oldrel-windows-x86_64
Version: 1.3.2
Check: installed package size
Result: NOTE
installed size is 6.9Mb
sub-directories of 1Mb or more:
help 2.4Mb
testdata 3.0Mb
Flavors: r-oldrel-macos-arm64, r-oldrel-macos-x86_64, r-oldrel-windows-x86_64