CRAN Package Check Results for Package geomaroc

Last updated on 2025-11-20 20:49:53 CET.

Flavor Version Tinstall Tcheck Ttotal Status Flags
r-devel-linux-x86_64-debian-clang 0.1.1 1.90 24.91 26.81 OK
r-devel-linux-x86_64-debian-gcc 0.1.1 1.55 19.99 21.54 OK
r-devel-linux-x86_64-fedora-clang 0.1.1 43.51 OK
r-devel-linux-x86_64-fedora-gcc 0.1.1 55.74 OK
r-devel-windows-x86_64 0.1.1 4.00 46.00 50.00 OK
r-patched-linux-x86_64 0.1.1 1.96 23.51 25.47 OK
r-release-linux-x86_64 0.1.1 1.95 23.20 25.15 OK
r-release-macos-arm64 0.1.1 OK
r-release-macos-x86_64 0.1.1 3.00 74.00 77.00 OK
r-release-windows-x86_64 0.1.1 4.00 44.00 48.00 OK
r-oldrel-macos-arm64 0.1.1 NOTE
r-oldrel-macos-x86_64 0.1.1 2.00 34.00 36.00 NOTE
r-oldrel-windows-x86_64 0.1.1 4.00 51.00 55.00 NOTE

Check Details

Version: 0.1.1
Check: package dependencies
Result: NOTE Package suggested but not available for checking: ‘geomarocdata’ Flavors: r-oldrel-macos-arm64, r-oldrel-macos-x86_64, r-oldrel-windows-x86_64