Last updated on 2025-10-31 01:48:58 CET.
| Flavor | Version | Tinstall | Tcheck | Ttotal | Status | Flags | 
|---|---|---|---|---|---|---|
| r-devel-linux-x86_64-debian-clang | 1.1.1 | 5.21 | 51.77 | 56.98 | NOTE | |
| r-devel-linux-x86_64-debian-gcc | 1.1.1 | 3.32 | 39.12 | 42.44 | NOTE | |
| r-devel-linux-x86_64-fedora-clang | 1.1.1 | 17.00 | 68.60 | 85.60 | OK | |
| r-devel-linux-x86_64-fedora-gcc | 1.1.1 | 10.00 | 81.03 | 91.03 | OK | |
| r-devel-windows-x86_64 | 1.1.1 | 6.00 | 79.00 | 85.00 | OK | |
| r-patched-linux-x86_64 | 1.1.1 | 3.74 | 48.10 | 51.84 | OK | |
| r-release-linux-x86_64 | 1.1.1 | 4.51 | 48.37 | 52.88 | OK | |
| r-release-macos-arm64 | 1.1.1 | 3.00 | 50.00 | 53.00 | OK | |
| r-release-macos-x86_64 | 1.1.1 | 4.00 | 68.00 | 72.00 | OK | |
| r-release-windows-x86_64 | 1.1.1 | 6.00 | 84.00 | 90.00 | OK | |
| r-oldrel-macos-arm64 | 1.1.1 | 2.00 | 31.00 | 33.00 | OK | |
| r-oldrel-macos-x86_64 | 1.1.1 | 3.00 | 46.00 | 49.00 | OK | |
| r-oldrel-windows-x86_64 | 1.1.1 | 9.00 | 93.00 | 102.00 | OK | 
Version: 1.1.1
Check: CRAN incoming feasibility
Result: NOTE
  Maintainer: ‘Luisa Salazar Vizcaya <luisapaola.salazarvizcaya@insel.ch>’
  
  No Authors@R field in DESCRIPTION.
  Please add one, modifying
    Authors@R: c(person(given = c("Luisa", "Salazar"),
                        family = "Vizcaya",
                        role = c("aut", "cre"),
                        email = "luisapaola.salazarvizcaya@insel.ch"),
                 person(given = "Nello",
                        family = "Blaser",
                        role = "aut"),
                 person(given = "Thomas",
                        family = "Gsponer",
                        role = "aut"))
  as necessary.
  
  Package CITATION file contains call(s) to old-style personList() or
  as.personList().  Please use c() on person objects instead.
  Package CITATION file contains call(s) to old-style citEntry().  Please
  use bibentry() instead.
Flavors: r-devel-linux-x86_64-debian-clang, r-devel-linux-x86_64-debian-gcc