Last updated on 2025-10-31 14:49:42 CET.
| Flavor | Version | Tinstall | Tcheck | Ttotal | Status | Flags | 
|---|---|---|---|---|---|---|
| r-devel-linux-x86_64-debian-clang | 1.6.0-7 | 20.45 | 120.37 | 140.82 | OK | |
| r-devel-linux-x86_64-debian-gcc | 1.6.0-7 | 12.99 | 81.16 | 94.15 | OK | |
| r-devel-linux-x86_64-fedora-clang | 1.6.0-7 | 74.00 | 154.56 | 228.56 | OK | |
| r-devel-linux-x86_64-fedora-gcc | 1.6.0-7 | 37.00 | 169.14 | 206.14 | OK | |
| r-devel-windows-x86_64 | 1.6.0-7 | 38.00 | 134.00 | 172.00 | OK | |
| r-patched-linux-x86_64 | 1.6.0-7 | 17.94 | 111.03 | 128.97 | OK | |
| r-release-linux-x86_64 | 1.6.0-7 | 17.19 | 113.28 | 130.47 | OK | |
| r-release-macos-arm64 | 1.6.0-7 | 10.00 | 49.00 | 59.00 | OK | |
| r-release-macos-x86_64 | 1.6.0-7 | 22.00 | 125.00 | 147.00 | OK | |
| r-release-windows-x86_64 | 1.6.0-7 | 38.00 | 136.00 | 174.00 | OK | |
| r-oldrel-macos-arm64 | 1.6.0-7 | 9.00 | 50.00 | 59.00 | NOTE | |
| r-oldrel-macos-x86_64 | 1.6.0-7 | 18.00 | 128.00 | 146.00 | NOTE | |
| r-oldrel-windows-x86_64 | 1.6.0-7 | 45.00 | 172.00 | 217.00 | NOTE | 
Version: 1.6.0-7
Check: installed package size
Result: NOTE
    installed size is  5.1Mb
    sub-directories of 1Mb or more:
      extdata   3.8Mb
Flavors: r-oldrel-macos-arm64, r-oldrel-macos-x86_64, r-oldrel-windows-x86_64