Last updated on 2025-10-31 07:51:46 CET.
| Flavor | Version | Tinstall | Tcheck | Ttotal | Status | Flags | 
|---|---|---|---|---|---|---|
| r-devel-linux-x86_64-debian-clang | 0.2-5 | 2.97 | 29.62 | 32.59 | NOTE | |
| r-devel-linux-x86_64-debian-gcc | 0.2-5 | 1.95 | 24.07 | 26.02 | NOTE | |
| r-devel-linux-x86_64-fedora-clang | 0.2-5 | 12.00 | 38.21 | 50.21 | OK | |
| r-devel-linux-x86_64-fedora-gcc | 0.2-5 | 45.92 | OK | |||
| r-devel-windows-x86_64 | 0.2-5 | 5.00 | 48.00 | 53.00 | OK | |
| r-patched-linux-x86_64 | 0.2-5 | 3.31 | 27.94 | 31.25 | OK | |
| r-release-linux-x86_64 | 0.2-5 | 2.95 | 27.93 | 30.88 | OK | |
| r-release-macos-arm64 | 0.2-5 | 2.00 | 20.00 | 22.00 | OK | |
| r-release-macos-x86_64 | 0.2-5 | 3.00 | 32.00 | 35.00 | OK | |
| r-release-windows-x86_64 | 0.2-5 | 4.00 | 49.00 | 53.00 | OK | |
| r-oldrel-macos-arm64 | 0.2-5 | 2.00 | 18.00 | 20.00 | OK | |
| r-oldrel-macos-x86_64 | 0.2-5 | 2.00 | 33.00 | 35.00 | OK | |
| r-oldrel-windows-x86_64 | 0.2-5 | 5.00 | 57.00 | 62.00 | OK | 
Version: 0.2-5
Check: CRAN incoming feasibility
Result: NOTE
  Maintainer: ‘Paul Murrell <paul@stat.auckland.ac.nz>’
  
  No Authors@R field in DESCRIPTION.
  Please add one, modifying
    Authors@R: person(given = "Paul",
                      family = "Murrell",
                      role = c("aut", "cre"),
                      email = "paul@stat.auckland.ac.nz")
  as necessary.
Flavors: r-devel-linux-x86_64-debian-clang, r-devel-linux-x86_64-debian-gcc