Last updated on 2025-10-31 20:48:39 CET.
| Flavor | Version | Tinstall | Tcheck | Ttotal | Status | Flags | 
|---|---|---|---|---|---|---|
| r-devel-linux-x86_64-debian-clang | 1.0 | 2.03 | 33.36 | 35.39 | NOTE | |
| r-devel-linux-x86_64-debian-gcc | 1.0 | 1.67 | 26.47 | 28.14 | NOTE | |
| r-devel-linux-x86_64-fedora-clang | 1.0 | 52.37 | NOTE | |||
| r-devel-linux-x86_64-fedora-gcc | 1.0 | 46.62 | NOTE | |||
| r-devel-windows-x86_64 | 1.0 | 3.00 | 59.00 | 62.00 | NOTE | |
| r-patched-linux-x86_64 | 1.0 | 1.85 | 31.64 | 33.49 | NOTE | |
| r-release-linux-x86_64 | 1.0 | 1.71 | 32.59 | 34.30 | NOTE | |
| r-release-macos-arm64 | 1.0 | 2.00 | 24.00 | 26.00 | NOTE | |
| r-release-macos-x86_64 | 1.0 | 2.00 | 37.00 | 39.00 | NOTE | |
| r-release-windows-x86_64 | 1.0 | 3.00 | 56.00 | 59.00 | NOTE | |
| r-oldrel-macos-arm64 | 1.0 | 1.00 | 19.00 | 20.00 | NOTE | |
| r-oldrel-macos-x86_64 | 1.0 | 2.00 | 28.00 | 30.00 | NOTE | |
| r-oldrel-windows-x86_64 | 1.0 | 4.00 | 63.00 | 67.00 | NOTE | 
Version: 1.0
Check: CRAN incoming feasibility
Result: NOTE
  Maintainer: ‘Zachariah Gompert <zach.gompert@usu.edu>’
  
  No Authors@R field in DESCRIPTION.
  Please add one, modifying
    Authors@R: person(given = "Zachariah",
                      family = "Gompert",
                      role = c("aut", "cre"),
                      email = "zach.gompert@usu.edu")
  as necessary.
Flavors: r-devel-linux-x86_64-debian-clang, r-devel-linux-x86_64-debian-gcc
Version: 1.0
Check: Rd files
Result: NOTE
  checkRd: (-1) estprops.Rd:40: Escaped LaTeX specials: \&
Flavors: r-devel-linux-x86_64-debian-clang, r-devel-linux-x86_64-debian-gcc, r-devel-linux-x86_64-fedora-clang, r-devel-linux-x86_64-fedora-gcc, r-devel-windows-x86_64, r-patched-linux-x86_64, r-release-linux-x86_64, r-release-macos-arm64, r-release-macos-x86_64, r-release-windows-x86_64, r-oldrel-macos-arm64, r-oldrel-macos-x86_64, r-oldrel-windows-x86_64