Last updated on 2025-10-31 14:49:42 CET.
| Flavor | Version | Tinstall | Tcheck | Ttotal | Status | Flags | 
|---|---|---|---|---|---|---|
| r-devel-linux-x86_64-debian-clang | 0.1.0 | 2.32 | 22.44 | 24.76 | NOTE | |
| r-devel-linux-x86_64-debian-gcc | 0.1.0 | 1.81 | 18.49 | 20.30 | NOTE | |
| r-devel-linux-x86_64-fedora-clang | 0.1.0 | 37.08 | NOTE | |||
| r-devel-linux-x86_64-fedora-gcc | 0.1.0 | 34.79 | NOTE | |||
| r-devel-windows-x86_64 | 0.1.0 | 3.00 | 39.00 | 42.00 | OK | |
| r-patched-linux-x86_64 | 0.1.0 | 2.36 | 21.88 | 24.24 | OK | |
| r-release-linux-x86_64 | 0.1.0 | 2.16 | 21.55 | 23.71 | OK | |
| r-release-macos-arm64 | 0.1.0 | 1.00 | 16.00 | 17.00 | OK | |
| r-release-macos-x86_64 | 0.1.0 | 2.00 | 23.00 | 25.00 | OK | |
| r-release-windows-x86_64 | 0.1.0 | 4.00 | 41.00 | 45.00 | OK | |
| r-oldrel-macos-arm64 | 0.1.0 | 1.00 | 14.00 | 15.00 | NOTE | |
| r-oldrel-macos-x86_64 | 0.1.0 | 2.00 | 21.00 | 23.00 | NOTE | |
| r-oldrel-windows-x86_64 | 0.1.0 | 5.00 | 46.00 | 51.00 | NOTE | 
Version: 0.1.0
Check: CRAN incoming feasibility
Result: NOTE
  Maintainer: ‘Abu Hossain <a.hossain@londonmet.ac.uk>’
  
  No Authors@R field in DESCRIPTION.
  Please add one, modifying
    Authors@R: c(person(given = "Abu",
                        family = "Hossain",
                        role = c("aut", "cre"),
                        email = "a.hossain@londonmet.ac.uk"),
                 person(given = "Robert",
                        family = "Rigby",
                        role = "aut"),
                 person(given = "Mikis",
                        family = "Stasinopoulos",
                        role = "aut"))
  as necessary.
Flavors: r-devel-linux-x86_64-debian-clang, r-devel-linux-x86_64-debian-gcc
Version: 0.1.0
Check: dependencies in R code
Result: NOTE
  Namespaces in Imports field not imported from:
    ‘MASS’ ‘gamlss’
    All declared Imports should be used.
Flavors: r-devel-linux-x86_64-fedora-clang, r-devel-linux-x86_64-fedora-gcc
Version: 0.1.0
Check: LazyData
Result: NOTE
    'LazyData' is specified without a 'data' directory
Flavors: r-oldrel-macos-arm64, r-oldrel-macos-x86_64, r-oldrel-windows-x86_64